Last updated on 2015-12-29 00:46:41.
Flavor | Version | Tinstall | Tcheck | Ttotal | Status | Flags |
---|---|---|---|---|---|---|
r-devel-linux-x86_64-debian-gcc | 0.1-3 | 0.72 | 5.58 | 6.30 | NOTE | |
r-devel-linux-x86_64-fedora-clang | 0.1-3 | 12.47 | NOTE | |||
r-devel-linux-x86_64-fedora-gcc | 0.1-3 | 12.02 | NOTE | |||
r-devel-osx-x86_64-clang | 0.1-3 | 16.16 | NOTE | |||
r-devel-windows-ix86+x86_64 | 0.1-3 | 4.00 | 15.00 | 19.00 | NOTE | |
r-patched-linux-x86_64 | 0.1-3 | 1.08 | 6.06 | 7.14 | NOTE | |
r-patched-solaris-sparc | 0.1-3 | 83.10 | NOTE | |||
r-patched-solaris-x86 | 0.1-3 | 18.60 | NOTE | |||
r-release-linux-x86_64 | 0.1-3 | 0.78 | 5.90 | 6.68 | NOTE | |
r-release-osx-x86_64-mavericks | 0.1-3 | NOTE | ||||
r-release-windows-ix86+x86_64 | 0.1-3 | 4.00 | 14.00 | 18.00 | NOTE | |
r-oldrel-windows-ix86+x86_64 | 0.1-3 | 6.00 | 21.00 | 27.00 | NOTE |
Version: 0.1-3
Check: DESCRIPTION meta-information
Result: NOTE
Malformed Description field: should contain one or more complete sentences.
Flavors: r-devel-linux-x86_64-debian-gcc, r-devel-linux-x86_64-fedora-clang, r-devel-linux-x86_64-fedora-gcc, r-devel-osx-x86_64-clang, r-devel-windows-ix86+x86_64, r-patched-linux-x86_64, r-patched-solaris-sparc, r-patched-solaris-x86, r-release-linux-x86_64, r-release-osx-x86_64-mavericks, r-release-windows-ix86+x86_64
Version: 0.1-3
Check: Rd files
Result: NOTE
prepare_Rd: Flury-package.Rd:37-39: Dropping empty section \examples
prepare_Rd: apples.Rd:19-21: Dropping empty section \details
prepare_Rd: basketball.Rd:28-29: Dropping empty section \references
prepare_Rd: challenger.Rd:18-20: Dropping empty section \details
prepare_Rd: computers.Rd:16-18: Dropping empty section \details
prepare_Rd: cork.Rd:19-20: Dropping empty section \details
prepare_Rd: dead.beetles.Rd:17-19: Dropping empty section \details
prepare_Rd: deer.Rd:14-16: Dropping empty section \details
prepare_Rd: dogwood.Rd:22-24: Dropping empty section \details
prepare_Rd: f.twins.Rd:23-25: Dropping empty section \details
prepare_Rd: flea.beetles.Rd:22-24: Dropping empty section \details
prepare_Rd: ghq.Rd:25-27: Dropping empty section \details
prepare_Rd: lookup.Rd:15-17: Dropping empty section \details
prepare_Rd: lookup.Rd:18-20: Dropping empty section \source
prepare_Rd: m.twins.Rd:24-26: Dropping empty section \details
prepare_Rd: mumps.Rd:14-16: Dropping empty section \details
prepare_Rd: pipits.Rd:17-19: Dropping empty section \details
prepare_Rd: pipits2.Rd:18-19: Dropping empty section \details
prepare_Rd: robustus.Rd:17-19: Dropping empty section \details
prepare_Rd: sibling.heads.Rd:18-20: Dropping empty section \details
prepare_Rd: snailsf.Rd:25-27: Dropping empty section \details
prepare_Rd: steve.Rd:19-20: Dropping empty section \details
prepare_Rd: steve.Rd:26-27: Dropping empty section \references
prepare_Rd: turtles.Rd:19: Dropping empty section \details
prepare_Rd: vasoc.Rd:18-20: Dropping empty section \details
prepare_Rd: wine.sugar.Rd:22-24: Dropping empty section \details
Flavors: r-devel-linux-x86_64-debian-gcc, r-devel-linux-x86_64-fedora-clang, r-devel-linux-x86_64-fedora-gcc, r-devel-osx-x86_64-clang, r-devel-windows-ix86+x86_64, r-patched-linux-x86_64, r-patched-solaris-sparc, r-patched-solaris-x86, r-release-linux-x86_64, r-release-osx-x86_64-mavericks, r-release-windows-ix86+x86_64, r-oldrel-windows-ix86+x86_64