Last updated on 2015-12-29 00:46:41.
Flavor | Version | Tinstall | Tcheck | Ttotal | Status | Flags |
---|---|---|---|---|---|---|
r-devel-linux-x86_64-debian-gcc | 2.2 | 1.95 | 16.78 | 18.73 | NOTE | |
r-devel-linux-x86_64-fedora-clang | 2.2 | 36.58 | NOTE | |||
r-devel-linux-x86_64-fedora-gcc | 2.2 | 34.26 | NOTE | |||
r-devel-osx-x86_64-clang | 2.2 | 36.95 | NOTE | |||
r-devel-windows-ix86+x86_64 | 2.2 | 5.00 | 30.00 | 35.00 | NOTE | |
r-patched-linux-x86_64 | 2.2 | 1.96 | 16.94 | 18.90 | NOTE | |
r-patched-solaris-sparc | 2.2 | 206.00 | NOTE | |||
r-patched-solaris-x86 | 2.2 | 42.90 | NOTE | |||
r-release-linux-x86_64 | 2.2 | 1.93 | 17.25 | 19.18 | NOTE | |
r-release-osx-x86_64-mavericks | 2.2 | OK | ||||
r-release-windows-ix86+x86_64 | 2.2 | 7.00 | 29.00 | 36.00 | OK | |
r-oldrel-windows-ix86+x86_64 | 2.2 | 10.00 | 44.00 | 54.00 | OK |
Version: 2.2
Check: S3 generic/method consistency
Result: NOTE
Found the following apparent S3 methods exported but not registered:
plot.ga print.summary.ga summary.ga
See section ‘Registering S3 methods’ in the ‘Writing R Extensions’
manual.
Flavors: r-devel-linux-x86_64-debian-gcc, r-devel-linux-x86_64-fedora-clang, r-devel-linux-x86_64-fedora-gcc, r-devel-osx-x86_64-clang, r-patched-linux-x86_64, r-patched-solaris-sparc, r-patched-solaris-x86, r-release-linux-x86_64
Version: 2.2
Check: R code for possible problems
Result: NOTE
ga: no visible global function definition for ‘rnorm’
ga: no visible global function definition for ‘runif’
ga: no visible global function definition for ‘na.exclude’
gaMonitor: no visible global function definition for ‘na.exclude’
gaSummary: no visible global function definition for ‘na.exclude’
gaSummary: no visible global function definition for ‘fivenum’
gabin_Population: no visible global function definition for ‘runif’
gabin_uCrossover: no visible global function definition for ‘runif’
gaperm_dmMutation: no visible global function definition for ‘na.omit’
gareal_Population: no visible global function definition for ‘runif’
gareal_blxCrossover: no visible global function definition for ‘runif’
gareal_laCrossover: no visible global function definition for ‘runif’
gareal_nraMutation : sa: no visible global function definition for
‘runif’
gareal_nraMutation: no visible global function definition for ‘runif’
gareal_raMutation: no visible global function definition for ‘runif’
gareal_rsMutation: no visible global function definition for ‘runif’
gareal_sigmaSelection: no visible global function definition for ‘sd’
gareal_waCrossover: no visible global function definition for ‘runif’
jet.colors: no visible global function definition for
‘colorRampPalette’
persp3D: no visible global function definition for ‘persp’
plot.ga: no visible global function definition for ‘adjustcolor’
plot.ga: no visible global function definition for ‘points’
plot.ga: no visible global function definition for ‘polygon’
plot.ga: no visible global function definition for ‘legend’
plot.ga: no visible global function definition for ‘title’
plot,ga: no visible global function definition for ‘adjustcolor’
plot,ga: no visible global function definition for ‘points’
plot,ga: no visible global function definition for ‘polygon’
plot,ga: no visible global function definition for ‘legend’
plot,ga: no visible global function definition for ‘title’
print,ga: no visible global function definition for ‘str’
Undefined global functions or variables:
adjustcolor colorRampPalette fivenum legend na.exclude na.omit persp
points polygon rnorm runif sd str title
Consider adding
importFrom("grDevices", "adjustcolor", "colorRampPalette")
importFrom("graphics", "legend", "persp", "points", "polygon", "title")
importFrom("stats", "fivenum", "na.exclude", "na.omit", "rnorm",
"runif", "sd")
importFrom("utils", "str")
to your NAMESPACE.
Flavors: r-devel-linux-x86_64-debian-gcc, r-devel-linux-x86_64-fedora-clang, r-devel-linux-x86_64-fedora-gcc, r-devel-windows-ix86+x86_64