Last updated on 2015-12-29 00:46:43.
Flavor | Version | Tinstall | Tcheck | Ttotal | Status | Flags |
---|---|---|---|---|---|---|
r-devel-linux-x86_64-debian-gcc | 1.1 | 3.31 | 27.63 | 30.94 | NOTE | |
r-devel-linux-x86_64-fedora-clang | 1.1 | 64.39 | NOTE | |||
r-devel-linux-x86_64-fedora-gcc | 1.1 | 61.27 | NOTE | |||
r-devel-osx-x86_64-clang | 1.1 | 67.59 | OK | |||
r-devel-windows-ix86+x86_64 | 1.1 | 7.00 | 52.00 | 59.00 | NOTE | |
r-patched-linux-x86_64 | 1.1 | 2.78 | 29.95 | 32.72 | OK | |
r-patched-solaris-sparc | 1.1 | 398.70 | OK | |||
r-patched-solaris-x86 | 1.1 | 89.20 | OK | |||
r-release-linux-x86_64 | 1.1 | 2.80 | 29.28 | 32.08 | OK | |
r-release-osx-x86_64-mavericks | 1.1 | OK | ||||
r-release-windows-ix86+x86_64 | 1.1 | 11.00 | 65.00 | 76.00 | OK | |
r-oldrel-windows-ix86+x86_64 | 1.1 | 17.00 | 91.00 | 108.00 | OK |
Version: 1.1
Check: R code for possible problems
Result: NOTE
GWLelast.est: no visible global function definition for ‘dist’
GWLelast.inner: no visible global function definition for ‘predict’
GWLelast.inner.parallel: no visible global function definition for
‘predict’
GWLelast.sel.bw: no visible global function definition for ‘dist’
GWLelast.sel.bw: no visible global function definition for ‘optimize’
Undefined global functions or variables:
dist optimize predict
Consider adding
importFrom("stats", "dist", "optimize", "predict")
to your NAMESPACE.
Flavors: r-devel-linux-x86_64-debian-gcc, r-devel-linux-x86_64-fedora-clang, r-devel-linux-x86_64-fedora-gcc, r-devel-windows-ix86+x86_64