Last updated on 2015-12-29 00:46:43.
Flavor | Version | Tinstall | Tcheck | Ttotal | Status | Flags |
---|---|---|---|---|---|---|
r-devel-linux-x86_64-debian-gcc | 0.3.6 | 57.14 | 37.44 | 94.58 | NOTE | |
r-devel-linux-x86_64-fedora-clang | 0.3.6 | 203.19 | NOTE | |||
r-devel-linux-x86_64-fedora-gcc | 0.3.6 | 201.80 | NOTE | |||
r-devel-osx-x86_64-clang | 0.3.6 | 168.90 | OK | |||
r-devel-windows-ix86+x86_64 | 0.3.6 | 152.00 | 109.00 | 261.00 | OK | |
r-patched-linux-x86_64 | 0.3.6 | 56.84 | 41.78 | 98.62 | NOTE | |
r-patched-solaris-sparc | 0.3.6 | 1018.00 | OK | |||
r-patched-solaris-x86 | 0.3.6 | 213.90 | OK | |||
r-release-linux-x86_64 | 0.3.6 | 57.52 | 43.08 | 100.61 | NOTE | |
r-release-osx-x86_64-mavericks | 0.3.6 | NOTE | ||||
r-release-windows-ix86+x86_64 | 0.3.6 | 191.00 | 128.00 | 319.00 | OK | |
r-oldrel-windows-ix86+x86_64 | 0.3.6 | 210.00 | 178.00 | 388.00 | OK |
Memtest notes: valgrind
Version: 0.3.6
Check: installed package size
Result: NOTE
installed size is 7.9Mb
sub-directories of 1Mb or more:
libs 7.6Mb
Flavors: r-devel-linux-x86_64-debian-gcc, r-devel-linux-x86_64-fedora-clang, r-devel-linux-x86_64-fedora-gcc, r-patched-linux-x86_64, r-release-linux-x86_64, r-release-osx-x86_64-mavericks