Last updated on 2015-12-29 00:46:49.
Flavor | Version | Tinstall | Tcheck | Ttotal | Status | Flags |
---|---|---|---|---|---|---|
r-devel-linux-x86_64-debian-gcc | 0.1-8 | 0.93 | 13.05 | 13.98 | OK | |
r-devel-linux-x86_64-fedora-clang | 0.1-8 | 25.40 | OK | |||
r-devel-linux-x86_64-fedora-gcc | 0.1-8 | 24.37 | OK | |||
r-devel-osx-x86_64-clang | 0.1-8 | 58.82 | OK | |||
r-devel-windows-ix86+x86_64 | 0.1-8 | 6.00 | 26.00 | 32.00 | OK | |
r-patched-linux-x86_64 | 0.1-8 | 0.89 | 13.08 | 13.97 | OK | |
r-patched-solaris-sparc | 0.1-8 | 163.50 | OK | |||
r-patched-solaris-x86 | 0.1-8 | 33.60 | OK | |||
r-release-linux-x86_64 | 0.1-8 | 1.17 | 13.13 | 14.30 | OK | |
r-release-osx-x86_64-mavericks | 0.1-8 | WARN | ||||
r-release-windows-ix86+x86_64 | 0.1-8 | 3.00 | 25.00 | 28.00 | OK | |
r-oldrel-windows-ix86+x86_64 | 0.1-8 | 6.00 | 46.00 | 52.00 | WARN |
Version: 0.1-8
Check: S3 generic/method consistency
Result: WARN
Warning: declared S3 method '.get_meta_if_attr' not found
Warning: declared S3 method '.get_meta_if_attr' not found
Warning: declared S3 method '.get_meta_if_attr' not found
Warning: declared S3 method '.get_meta_if_slot' not found
Warning: declared S3 method '.get_meta_if_slot' not found
Warning: declared S3 method '.get_meta_if_slot' not found
Warning: declared S3 method '.get_meta_if_slot' not found
Warning: declared S3 method '.get_meta_if_attr' not found
Warning: declared S3 method '.get_meta_if_attr' not found
Warning: declared S3 method '.set_meta_if_attr' not found
Warning: declared S3 method '.set_meta_if_attr' not found
Warning: declared S3 method '.set_meta_if_attr' not found
Warning: declared S3 method '.set_meta_if_slot' not found
Warning: declared S3 method '.set_meta_if_slot' not found
Warning: declared S3 method '.set_meta_if_slot' not found
Warning: declared S3 method '.set_meta_if_slot' not found
Warning: declared S3 method '.set_meta_if_attr' not found
Warning: declared S3 method '.set_meta_if_attr' not found
Warning: declared S3 method '.format_TextDocument' not found
Warning: declared S3 method '.print_via_format' not found
Warning: declared S3 method '.print_via_format' not found
Warning: declared S3 method '.print_via_format' not found
Warning: declared S3 method '.print_via_format' not found
Warning: declared S3 method '.print_via_format' not found
Warning: declared S3 method '.print_via_format' not found
Warning: declared S3 method '.print_via_format' not found
Warning: declared S3 method '.print_via_format' not found
Warning: declared S3 method '.print_via_format' not found
Warning: declared S3 method '.print_via_format' not found
Warning: declared S3 method '.print_via_format' not found
Warning: declared S3 method '.print_via_format' not found
See section ‘Generic functions and methods’ in the ‘Writing R
Extensions’ manual.
Flavors: r-release-osx-x86_64-mavericks, r-oldrel-windows-ix86+x86_64