CRAN Package Check Results for Package NMF

Last updated on 2015-12-29 00:46:49.

Flavor Version Tinstall Tcheck Ttotal Status Flags
r-devel-linux-x86_64-debian-gcc 0.20.6 6.90 206.92 213.82 NOTE
r-devel-linux-x86_64-fedora-clang 0.20.6 497.54 NOTE
r-devel-linux-x86_64-fedora-gcc 0.20.6 505.70 NOTE
r-devel-osx-x86_64-clang 0.20.6 216.69 NOTE
r-devel-windows-ix86+x86_64 0.20.6 24.00 452.00 476.00 NOTE
r-patched-linux-x86_64 0.20.6 7.04 216.06 223.09 NOTE
r-patched-solaris-sparc 0.20.6 1086.90 NOTE --no-tests --no-vignettes
r-patched-solaris-x86 0.20.6 211.50 NOTE --no-build-vignettes
r-release-linux-x86_64 0.20.6 6.72 217.22 223.94 WARN
r-release-osx-x86_64-mavericks 0.20.6 NOTE
r-release-windows-ix86+x86_64 0.20.6 31.00 503.00 534.00 WARN
r-oldrel-windows-ix86+x86_64 0.20.6 42.00 615.00 657.00 WARN

Check Details

Version: 0.20.6
Check: R code for possible problems
Result: NOTE
    algorithm,NMFStrategyOctave: no visible global function definition for
     ‘fstop’
    evar,ANY: no visible binding for global variable ‘Biobase’
    nmf,matrix-numeric-NMFStrategy : run.all: no visible binding for global
     variable ‘n’
    nmf,matrix-numeric-NMFStrategy : run.all: no visible binding for global
     variable ‘RNGobj’
    rss,matrix: no visible binding for global variable ‘Biobase’
    Undefined global functions or variables:
     Biobase RNGobj fstop n
Flavors: r-devel-linux-x86_64-debian-gcc, r-devel-linux-x86_64-fedora-clang, r-devel-linux-x86_64-fedora-gcc, r-devel-osx-x86_64-clang, r-devel-windows-ix86+x86_64

Version: 0.20.6
Check: package dependencies
Result: NOTE
    Packages suggested but not available for checking:
     ‘RcppOctave’ ‘synchronicity’
Flavors: r-devel-linux-x86_64-fedora-clang, r-devel-osx-x86_64-clang

Version: 0.20.6
Check: Rd cross-references
Result: NOTE
    Packages unavailable to check Rd xrefs: ‘RcppOctave’, ‘synchronicity’
Flavors: r-devel-linux-x86_64-fedora-clang, r-devel-osx-x86_64-clang, r-oldrel-windows-ix86+x86_64

Version: 0.20.6
Check: package dependencies
Result: NOTE
    Package suggested but not available for checking: ‘synchronicity’
Flavors: r-devel-linux-x86_64-fedora-gcc, r-devel-windows-ix86+x86_64, r-release-windows-ix86+x86_64

Version: 0.20.6
Check: Rd cross-references
Result: NOTE
    Package unavailable to check Rd xrefs: ‘synchronicity’
Flavors: r-devel-linux-x86_64-fedora-gcc, r-devel-windows-ix86+x86_64, r-release-windows-ix86+x86_64

Version: 0.20.6
Check: R code for possible problems
Result: NOTE
    algorithm,NMFStrategyOctave : .local: no visible global function
     definition for ‘fstop’
    evar,ANY : .local: no visible binding for global variable ‘Biobase’
    nmf,matrix-numeric-NMFStrategy : .local : run.all: no visible binding
     for global variable ‘n’
    nmf,matrix-numeric-NMFStrategy : .local : run.all: no visible binding
     for global variable ‘RNGobj’
    rss,matrix : .local: no visible binding for global variable ‘Biobase’
Flavors: r-patched-linux-x86_64, r-release-linux-x86_64, r-release-windows-ix86+x86_64, r-oldrel-windows-ix86+x86_64

Version: 0.20.6
Flags: --no-tests --no-vignettes
Check: package dependencies
Result: NOTE
    Packages suggested but not available for checking: ‘RcppOctave’ ‘bigmemory’
Flavor: r-patched-solaris-sparc

Version: 0.20.6
Flags: --no-tests --no-vignettes
Check: R code for possible problems
Result: NOTE
    algorithm,NMFStrategyOctave : .local: no visible global function
     definition for ‘fstop’
    evar,ANY : .local: no visible binding for global variable ‘Biobase’
    nmf,matrix-numeric-NMFStrategy : .local : run.all: no visible binding
     for global variable ‘n’
    nmf,matrix-numeric-NMFStrategy : .local : run.all: no visible binding
     for global variable ‘RNGobj’
    rss,matrix : .local: no visible binding for global variable ‘Biobase’
Flavor: r-patched-solaris-sparc

Version: 0.20.6
Flags: --no-tests --no-vignettes
Check: Rd cross-references
Result: NOTE
    Package unavailable to check Rd xrefs: ‘RcppOctave’
Flavor: r-patched-solaris-sparc

Version: 0.20.6
Flags: --no-build-vignettes
Check: package dependencies
Result: NOTE
    Packages suggested but not available for checking: ‘RcppOctave’ ‘bigmemory’
Flavor: r-patched-solaris-x86

Version: 0.20.6
Flags: --no-build-vignettes
Check: R code for possible problems
Result: NOTE
    algorithm,NMFStrategyOctave : .local: no visible global function
     definition for ‘fstop’
    evar,ANY : .local: no visible binding for global variable ‘Biobase’
    nmf,matrix-numeric-NMFStrategy : .local : run.all: no visible binding
     for global variable ‘n’
    nmf,matrix-numeric-NMFStrategy : .local : run.all: no visible binding
     for global variable ‘RNGobj’
    rss,matrix : .local: no visible binding for global variable ‘Biobase’
Flavor: r-patched-solaris-x86

Version: 0.20.6
Flags: --no-build-vignettes
Check: Rd cross-references
Result: NOTE
    Package unavailable to check Rd xrefs: ‘RcppOctave’
Flavor: r-patched-solaris-x86

Version: 0.20.6
Check: whether package can be installed
Result: WARN
    Found the following significant warnings:
     Warning: replacing previous import by ‘ggplot2::unit’ when loading ‘NMF’
     Warning: replacing previous import by ‘ggplot2::arrow’ when loading ‘NMF’
Flavors: r-release-linux-x86_64, r-release-windows-ix86+x86_64

Version: 0.20.6
Check: package dependencies
Result: NOTE
    Packages suggested but not available for checking: ‘RcppOctave’ ‘doMPI’
Flavor: r-release-osx-x86_64-mavericks

Version: 0.20.6
Check: Rd cross-references
Result: NOTE
    Package unavailable to check Rd xrefs: ‘RcppOctave’
Flavor: r-release-osx-x86_64-mavericks

Version: 0.20.6
Check: package dependencies
Result: NOTE
    Packages suggested but not available for checking:
     'RcppOctave' 'doMPI' 'synchronicity'
Flavor: r-oldrel-windows-ix86+x86_64

Version: 0.20.6
Check: whether package can be installed
Result: WARN
    Found the following significant warnings:
     Warning: replacing previous import by 'ggplot2::arrow' when loading 'NMF'
     Warning: replacing previous import by 'ggplot2::unit' when loading 'NMF'
Flavor: r-oldrel-windows-ix86+x86_64