CRAN Package Check Results for Package P2C2M

Last updated on 2015-12-29 00:46:50.

Flavor Version Tinstall Tcheck Ttotal Status Flags
r-devel-linux-x86_64-debian-gcc 0.7.6 1.42 29.77 31.19 NOTE
r-devel-linux-x86_64-fedora-clang 0.7.6 61.41 NOTE
r-devel-linux-x86_64-fedora-gcc 0.7.6 59.14 NOTE
r-devel-osx-x86_64-clang 0.7.6 130.82 NOTE
r-patched-linux-x86_64 0.7.6 1.58 31.03 32.61 NOTE
r-patched-solaris-sparc 0.7.6 352.70 ERROR
r-patched-solaris-x86 0.7.6 69.10 ERROR
r-release-linux-x86_64 0.7.6 1.50 30.66 32.16 NOTE
r-release-osx-x86_64-mavericks 0.7.6 ERROR

Check Details

Version: 0.7.6
Check: package dependencies
Result: NOTE
    Packages suggested but not available for checking:
     ‘genealogicalSorting’ ‘phybase’
Flavors: r-devel-linux-x86_64-debian-gcc, r-devel-linux-x86_64-fedora-clang, r-devel-linux-x86_64-fedora-gcc, r-devel-osx-x86_64-clang, r-patched-linux-x86_64, r-patched-solaris-sparc, r-patched-solaris-x86, r-release-linux-x86_64

Version: 0.7.6
Check: R code for possible problems
Result: NOTE
    ms.exec: no visible global function definition for ‘tail’
    p2c2m.readstarb: no visible global function definition for ‘head’
    p2c2m.readstarb: no visible binding for global variable ‘head’
    rmOutlrs: no visible global function definition for ‘boxplot.stats’
    rmext: no visible global function definition for ‘tail’
    rowMedians: no visible binding for global variable ‘median’
    stats.acrGenes: no visible binding for global variable ‘sd’
    stats.perGene: no visible binding for global variable ‘sd’
    statshelpers.cv: no visible binding for global variable ‘sd’
    statshelpers.qntls: no visible binding for global variable ‘quantile’
    Undefined global functions or variables:
     boxplot.stats head median quantile sd tail
    Consider adding
     importFrom("grDevices", "boxplot.stats")
     importFrom("stats", "median", "quantile", "sd")
     importFrom("utils", "head", "tail")
    to your NAMESPACE.
Flavors: r-devel-linux-x86_64-debian-gcc, r-devel-linux-x86_64-fedora-clang, r-devel-linux-x86_64-fedora-gcc

Version: 0.7.6
Check: data for non-ASCII characters
Result: NOTE
     Note: found 490 marked UTF-8 strings
Flavors: r-devel-linux-x86_64-fedora-clang, r-devel-linux-x86_64-fedora-gcc, r-devel-osx-x86_64-clang, r-patched-linux-x86_64, r-patched-solaris-sparc, r-patched-solaris-x86, r-release-linux-x86_64, r-release-osx-x86_64-mavericks

Version: 0.7.6
Check: examples
Result: ERROR
    Running examples in ‘P2C2M-Ex.R’ failed
    The error most likely occurred in:
    
    > ### Name: p2c2m.complete
    > ### Title: Execute the complete P2C2M pipeline via a single command
    > ### Aliases: p2c2m.complete
    >
    > ### ** Examples
    >
    > ## Example of the minimal data requirements to run P2C2M
    >
    > # The absolute path to the input directory is set
    > inPath <- system.file("extdata", "sim.E.003.small/", package="P2C2M")
    >
    > # The name of the xml-file generated by BEAUTi and located in
    > # "inPath" is set
    > inFile <- "sim.E.003.small.xml"
    >
    > # Posterior predictive simulations with a setting of 2 simulation
    > # replicates are preformed
    > sim.E.003.small <- p2c2m.complete(inPath, inFile, num.reps=2, save.metadata=TRUE)
    Error in python.exec(code, get.exception) : cannot import name izip
    Calls: p2c2m.complete -> p2c2m.readstarb -> <Anonymous> -> python.exec
    Execution halted
Flavors: r-patched-solaris-sparc, r-patched-solaris-x86

Version: 0.7.6
Check: package dependencies
Result: NOTE
    Packages suggested but not available for checking:
     ‘genealogicalSorting’ ‘phybase’ ‘Rmpi’
Flavor: r-release-osx-x86_64-mavericks

Version: 0.7.6
Check: examples
Result: ERROR
    Running examples in ‘P2C2M-Ex.R’ failed
    The error most likely occurred in:
    
    > ### Name: p2c2m.complete
    > ### Title: Execute the complete P2C2M pipeline via a single command
    > ### Aliases: p2c2m.complete
    >
    > ### ** Examples
    >
    > ## Example of the minimal data requirements to run P2C2M
    >
    > # The absolute path to the input directory is set
    > inPath <- system.file("extdata", "sim.E.003.small/", package="P2C2M")
    >
    > # The name of the xml-file generated by BEAUTi and located in
    > # "inPath" is set
    > inFile <- "sim.E.003.small.xml"
    >
    > # Posterior predictive simulations with a setting of 2 simulation
    > # replicates are preformed
    > sim.E.003.small <- p2c2m.complete(inPath, inFile, num.reps=2, save.metadata=TRUE)
    sh: sysctl: command not found
    Error in system("sysctl -n hw.ncpu", intern = T) :
     error in running command
    Calls: p2c2m.complete -> p2c2m.analyze -> system
    Execution halted
Flavor: r-release-osx-x86_64-mavericks