CRAN Package Check Results for Package PGICA

Last updated on 2015-12-29 00:46:50.

Flavor Version Tinstall Tcheck Ttotal Status Flags
r-devel-linux-x86_64-debian-gcc 1.0 0.76 22.80 23.56 NOTE
r-devel-linux-x86_64-fedora-clang 1.0 37.49 NOTE
r-devel-linux-x86_64-fedora-gcc 1.0 35.91 NOTE
r-devel-osx-x86_64-clang 1.0 89.45 NOTE
r-devel-windows-ix86+x86_64 1.0 2.00 64.00 66.00 NOTE
r-patched-linux-x86_64 1.0 0.70 24.36 25.06 NOTE
r-patched-solaris-sparc 1.0 305.40 NOTE
r-patched-solaris-x86 1.0 67.40 NOTE
r-release-linux-x86_64 1.0 0.70 24.49 25.19 NOTE
r-release-osx-x86_64-mavericks 1.0 NOTE
r-release-windows-ix86+x86_64 1.0 3.00 44.00 47.00 NOTE
r-oldrel-windows-ix86+x86_64 1.0 5.00 47.00 52.00 OK

Check Details

Version: 1.0
Check: DESCRIPTION meta-information
Result: NOTE
    Malformed Description field: should contain one or more complete sentences.
Flavors: r-devel-linux-x86_64-debian-gcc, r-devel-linux-x86_64-fedora-clang, r-devel-linux-x86_64-fedora-gcc, r-devel-osx-x86_64-clang, r-devel-windows-ix86+x86_64, r-patched-linux-x86_64, r-patched-solaris-sparc, r-patched-solaris-x86, r-release-linux-x86_64, r-release-osx-x86_64-mavericks, r-release-windows-ix86+x86_64

Version: 1.0
Check: R code for possible problems
Result: NOTE
    fbins: no visible global function definition for ‘quantile’
    fhat: no visible global function definition for ‘dnorm’
    fhatgg: no visible global function definition for ‘dnorm’
    fhatnew: no visible global function definition for ‘dnorm’
    mica: no visible global function definition for ‘cor’
    trans: no visible binding for global variable ‘sd’
    weight.seq: no visible global function definition for ‘dnorm’
    weight.seq: no visible global function definition for ‘nlm’
    Undefined global functions or variables:
     cor dnorm nlm quantile sd
    Consider adding
     importFrom("stats", "cor", "dnorm", "nlm", "quantile", "sd")
    to your NAMESPACE.
Flavors: r-devel-linux-x86_64-debian-gcc, r-devel-linux-x86_64-fedora-clang, r-devel-linux-x86_64-fedora-gcc, r-devel-windows-ix86+x86_64