CRAN Package Check Results for Package Quandl

Last updated on 2015-12-29 00:46:55.

Flavor Version Tinstall Tcheck Ttotal Status Flags
r-devel-linux-x86_64-debian-gcc 2.7.0 0.80 13.07 13.88 OK
r-devel-linux-x86_64-fedora-clang 2.7.0 27.13 OK
r-devel-linux-x86_64-fedora-gcc 2.7.0 26.27 OK
r-devel-osx-x86_64-clang 2.7.0 58.77 OK
r-devel-windows-ix86+x86_64 2.7.0 3.00 28.00 31.00 OK
r-patched-linux-x86_64 2.7.0 1.02 14.07 15.09 OK
r-patched-solaris-sparc 2.7.0 182.80 OK
r-patched-solaris-x86 2.7.0 40.80 OK
r-release-linux-x86_64 2.7.0 0.86 13.87 14.73 OK
r-release-osx-x86_64-mavericks 2.7.0 OK
r-release-windows-ix86+x86_64 2.7.0 6.00 41.00 47.00 OK
r-oldrel-windows-ix86+x86_64 2.7.0 9.00 55.00 64.00 ERROR

Check Details

Version: 2.7.0
Check: R code for possible problems
Result: NOTE
    Quandl.database.bulk_download_to_file: no visible global function
     definition for 'dir.exists'
Flavor: r-oldrel-windows-ix86+x86_64

Version: 2.7.0
Check: tests
Result: ERROR
    Running the tests in 'tests/testthat.R' failed.
    Last 13 lines of output:
     Loading required package: xts
     Loading required package: zoo
    
     Attaching package: 'zoo'
    
     The following objects are masked from 'package:base':
    
     as.Date, as.Date.numeric
    
     Error in FUN("dir.exists"[[1L]], ...) :
     Function dir.exists not found in environment testthat.
     Calls: test_check ... eval -> with_mock -> extract_mocks -> lapply -> FUN
     Execution halted
Flavor: r-oldrel-windows-ix86+x86_64