CRAN Package Check Results for Package R2STATS

Last updated on 2015-12-29 00:46:56.

Flavor Version Tinstall Tcheck Ttotal Status Flags
r-devel-linux-x86_64-debian-gcc 0.68-38 6.64 84.99 91.62 OK
r-devel-linux-x86_64-fedora-clang 0.68-38 187.45 OK
r-devel-linux-x86_64-fedora-gcc 0.68-38 177.16 OK
r-devel-osx-x86_64-clang 0.68-38 34.44 ERROR
r-devel-windows-ix86+x86_64 0.68-38 23.00 145.00 168.00 OK
r-patched-linux-x86_64 0.68-38 8.25 90.32 98.58 OK
r-patched-solaris-sparc 0.68-38 1127.40 OK
r-patched-solaris-x86 0.68-38 259.20 OK
r-release-linux-x86_64 0.68-38 8.00 88.67 96.67 OK
r-release-osx-x86_64-mavericks 0.68-38 OK
r-release-windows-ix86+x86_64 0.68-38 26.00 209.00 235.00 OK
r-oldrel-windows-ix86+x86_64 0.68-38 44.00 279.00 323.00 OK

Check Details

Version: 0.68-38
Check: whether package can be installed
Result: ERROR
    Installation failed.
Flavor: r-devel-osx-x86_64-clang