Last updated on 2015-12-29 00:46:58.
Flavor | Version | Tinstall | Tcheck | Ttotal | Status | Flags |
---|---|---|---|---|---|---|
r-devel-linux-x86_64-debian-gcc | 2.1.0 | 222.00 | 18.66 | 240.66 | NOTE | |
r-devel-linux-x86_64-fedora-clang | 2.1.0 | 554.40 | NOTE | |||
r-devel-linux-x86_64-fedora-gcc | 2.1.0 | 508.30 | NOTE | |||
r-devel-osx-x86_64-clang | 2.1.0 | 548.29 | OK | |||
r-devel-windows-ix86+x86_64 | 2.1.0 | 642.00 | 90.00 | 732.00 | NOTE | |
r-patched-linux-x86_64 | 2.1.0 | 223.22 | 18.44 | 241.66 | NOTE | |
r-patched-solaris-sparc | 2.1.0 | 2282.20 | ERROR | |||
r-patched-solaris-x86 | 2.1.0 | 429.50 | OK | |||
r-release-linux-x86_64 | 2.1.0 | 220.78 | 19.35 | 240.12 | NOTE | |
r-release-osx-x86_64-mavericks | 2.1.0 | NOTE | ||||
r-release-windows-ix86+x86_64 | 2.1.0 | 886.00 | 90.00 | 976.00 | NOTE | |
r-oldrel-windows-ix86+x86_64 | 2.1.0 | 896.00 | 78.00 | 974.00 | NOTE |
Memtest notes: valgrind
Version: 2.1.0
Check: installed package size
Result: NOTE
installed size is 84.2Mb
sub-directories of 1Mb or more:
extdata 2.0Mb
libs 82.0Mb
Flavors: r-devel-linux-x86_64-debian-gcc, r-devel-linux-x86_64-fedora-clang, r-devel-linux-x86_64-fedora-gcc, r-devel-windows-ix86+x86_64, r-patched-linux-x86_64, r-release-linux-x86_64, r-release-osx-x86_64-mavericks, r-release-windows-ix86+x86_64, r-oldrel-windows-ix86+x86_64
Version: 2.1.0
Check: tests
Result: ERROR
Running the tests in ‘tests/test-all.R’ failed.
Last 13 lines of output:
> library(testthat)
> test_check("RNiftyReg")
Loading required package: RNiftyReg
1. Failure (at test-30-multireg.R#19): Multiple registration works -------------
forward(reg, 2)[1, 2] not equal to 0.1
0.0596 - 0.1 == -0.0404
testthat results ================================================================
OK: 32 SKIPPED: 3 FAILED: 1
1. Failure (at test-30-multireg.R#19): Multiple registration works
Error: testthat unit tests failed
Execution halted
Flavor: r-patched-solaris-sparc