CRAN Package Check Results for Package Rcmdr

Last updated on 2015-12-29 00:46:56.

Flavor Version Tinstall Tcheck Ttotal Status Flags
r-devel-linux-x86_64-debian-gcc 2.2-3 16.34 89.86 106.20 NOTE
r-devel-linux-x86_64-fedora-clang 2.2-3 208.75 NOTE
r-devel-linux-x86_64-fedora-gcc 2.2-3 194.48 NOTE
r-devel-osx-x86_64-clang 2.2-3 397.59 NOTE
r-devel-windows-ix86+x86_64 2.2-3 39.00 161.00 200.00 NOTE
r-patched-linux-x86_64 2.2-3 16.08 92.32 108.40 NOTE
r-patched-solaris-sparc 2.2-3 1189.60 NOTE
r-patched-solaris-x86 2.2-3 256.40 NOTE
r-release-linux-x86_64 2.2-3 16.69 90.55 107.24 NOTE
r-release-osx-x86_64-mavericks 2.2-3 NOTE
r-release-windows-ix86+x86_64 2.2-3 54.00 212.00 266.00 NOTE
r-oldrel-windows-ix86+x86_64 2.2-3 17.00 2.00 19.00 ERROR

Check Details

Version: 2.2-3
Check: installed package size
Result: NOTE
     installed size is 7.2Mb
     sub-directories of 1Mb or more:
     doc 3.7Mb
     po 2.1Mb
Flavors: r-devel-linux-x86_64-debian-gcc, r-devel-linux-x86_64-fedora-clang, r-devel-linux-x86_64-fedora-gcc, r-devel-osx-x86_64-clang, r-devel-windows-ix86+x86_64, r-patched-linux-x86_64, r-patched-solaris-sparc, r-patched-solaris-x86, r-release-linux-x86_64, r-release-osx-x86_64-mavericks, r-release-windows-ix86+x86_64

Version: 2.2-3
Check: package dependencies
Result: ERROR
    Package required and available but unsuitable version: 'car'
    
    See section 'The DESCRIPTION file' in the 'Writing R Extensions'
    manual.
Flavor: r-oldrel-windows-ix86+x86_64