CRAN Package Check Results for Package RcmdrPlugin.BCA

Last updated on 2015-12-29 00:46:56.

Flavor Version Tinstall Tcheck Ttotal Status Flags
r-devel-linux-x86_64-debian-gcc 0.9-8 4.64 53.32 57.97 NOTE
r-devel-linux-x86_64-fedora-clang 0.9-8 126.97 NOTE
r-devel-linux-x86_64-fedora-gcc 0.9-8 119.70 NOTE
r-devel-osx-x86_64-clang 0.9-8 264.85 OK
r-devel-windows-ix86+x86_64 0.9-8 32.00 106.00 138.00 NOTE
r-patched-linux-x86_64 0.9-8 5.16 57.08 62.24 OK
r-patched-solaris-sparc 0.9-8 764.60 OK
r-patched-solaris-x86 0.9-8 176.60 OK
r-release-linux-x86_64 0.9-8 6.04 57.66 63.70 OK
r-release-osx-x86_64-mavericks 0.9-8 OK
r-release-windows-ix86+x86_64 0.9-8 35.00 108.00 143.00 OK
r-oldrel-windows-ix86+x86_64 0.9-8 55.00 247.00 302.00 OK

Check Details

Version: 0.9-8
Check: R code for possible problems
Result: NOTE
    .onAttach: no visible global function definition for ‘palette’
    .onAttach: no visible global function definition for ‘dev.off’
    helpAboutBCA: no visible global function definition for ‘help’
    Undefined global functions or variables:
     dev.off help palette
    Consider adding
     importFrom("grDevices", "dev.off", "palette")
     importFrom("utils", "help")
    to your NAMESPACE.
Flavors: r-devel-linux-x86_64-debian-gcc, r-devel-linux-x86_64-fedora-clang, r-devel-linux-x86_64-fedora-gcc, r-devel-windows-ix86+x86_64