CRAN Package Check Results for Package RcmdrPlugin.Export

Last updated on 2015-12-29 00:46:56.

Flavor Version Tinstall Tcheck Ttotal Status Flags
r-devel-linux-x86_64-debian-gcc 0.3-1 4.60 49.66 54.27 OK
r-devel-linux-x86_64-fedora-clang 0.3-1 114.93 OK
r-devel-linux-x86_64-fedora-gcc 0.3-1 109.54 OK
r-devel-osx-x86_64-clang 0.3-1 244.11 OK
r-devel-windows-ix86+x86_64 0.3-1 31.00 99.00 130.00 OK
r-patched-linux-x86_64 0.3-1 5.08 53.31 58.39 OK
r-patched-solaris-sparc 0.3-1 704.60 OK
r-patched-solaris-x86 0.3-1 164.50 OK
r-release-linux-x86_64 0.3-1 4.63 51.76 56.39 OK
r-release-osx-x86_64-mavericks 0.3-1 OK
r-release-windows-ix86+x86_64 0.3-1 35.00 125.00 160.00 OK
r-oldrel-windows-ix86+x86_64 0.3-1 3.00 2.00 5.00 ERROR

Check Details

Version: 0.3-1
Check: package dependencies
Result: ERROR
    Package required and available but unsuitable version: 'Rcmdr'
    
    See section 'The DESCRIPTION file' in the 'Writing R Extensions'
    manual.
Flavor: r-oldrel-windows-ix86+x86_64