CRAN Package Check Results for Package RcmdrPlugin.IPSUR

Last updated on 2015-12-29 00:46:56.

Flavor Version Tinstall Tcheck Ttotal Status Flags
r-devel-linux-x86_64-debian-gcc 0.2-1 4.78 65.05 69.83 NOTE
r-devel-linux-x86_64-fedora-clang 0.2-1 138.96 NOTE
r-devel-linux-x86_64-fedora-gcc 0.2-1 131.70 NOTE
r-devel-osx-x86_64-clang 0.2-1 281.48 NOTE
r-devel-windows-ix86+x86_64 0.2-1 33.00 104.00 137.00 NOTE
r-patched-linux-x86_64 0.2-1 5.55 68.64 74.19 NOTE
r-patched-solaris-sparc 0.2-1 953.60 NOTE
r-patched-solaris-x86 0.2-1 213.00 NOTE
r-release-linux-x86_64 0.2-1 5.19 68.64 73.83 NOTE
r-release-osx-x86_64-mavericks 0.2-1 NOTE
r-release-windows-ix86+x86_64 0.2-1 41.00 110.00 151.00 NOTE
r-oldrel-windows-ix86+x86_64 0.2-1 66.00 275.00 341.00 NOTE

Check Details

Version: 0.2-1
Check: dependencies in R code
Result: NOTE
    'library' or 'require' calls in package code:
     ‘abind’ ‘e1071’ ‘qcc’
     Please use :: or requireNamespace() instead.
     See section 'Suggested packages' in the 'Writing R Extensions' manual.
Flavors: r-devel-linux-x86_64-debian-gcc, r-devel-linux-x86_64-fedora-clang, r-devel-linux-x86_64-fedora-gcc, r-devel-osx-x86_64-clang, r-devel-windows-ix86+x86_64, r-patched-linux-x86_64, r-patched-solaris-sparc, r-patched-solaris-x86, r-release-linux-x86_64, r-release-osx-x86_64-mavericks, r-release-windows-ix86+x86_64, r-oldrel-windows-ix86+x86_64

Version: 0.2-1
Check: S3 generic/method consistency
Result: NOTE
    Found the following apparent S3 methods exported but not registered:
     print.numSummaryIPSUR
    See section ‘Registering S3 methods’ in the ‘Writing R Extensions’
    manual.
Flavors: r-devel-linux-x86_64-debian-gcc, r-devel-linux-x86_64-fedora-clang, r-devel-linux-x86_64-fedora-gcc, r-devel-osx-x86_64-clang, r-patched-linux-x86_64, r-patched-solaris-sparc, r-patched-solaris-x86, r-release-linux-x86_64

Version: 0.2-1
Check: package dependencies
Result: NOTE
    Packages suggested but not available for checking: ‘multcomp’ ‘RODBC’
Flavor: r-release-osx-x86_64-mavericks