CRAN Package Check Results for Package RcmdrPlugin.RMTCJags

Last updated on 2015-12-29 00:46:56.

Flavor Version Tinstall Tcheck Ttotal Status Flags
r-devel-linux-x86_64-debian-gcc 1.0-1 4.70 49.43 54.13 NOTE
r-devel-linux-x86_64-fedora-clang 1.0-1 113.69 NOTE
r-devel-linux-x86_64-fedora-gcc 1.0-1 108.35 NOTE
r-devel-osx-x86_64-clang 1.0-1 226.61 OK
r-devel-windows-ix86+x86_64 1.0-1 35.00 88.00 123.00 NOTE
r-patched-linux-x86_64 1.0-1 5.12 51.62 56.74 OK
r-patched-solaris-sparc 1.0-1 718.00 OK
r-patched-solaris-x86 1.0-1 178.80 OK
r-release-linux-x86_64 1.0-1 4.88 51.07 55.95 OK
r-release-osx-x86_64-mavericks 1.0-1 OK
r-release-windows-ix86+x86_64 1.0-1 27.00 120.00 147.00 OK
r-oldrel-windows-ix86+x86_64 1.0-1 51.00 204.00 255.00 OK

Check Details

Version: 1.0-1
Check: R code for possible problems
Result: NOTE
    Relationship : onOK: no visible global function definition for
     ‘complete.cases’
    Relationship : onOK: no visible global function definition for ‘plot’
    Undefined global functions or variables:
     complete.cases plot
    Consider adding
     importFrom("graphics", "plot")
     importFrom("stats", "complete.cases")
    to your NAMESPACE.
Flavors: r-devel-linux-x86_64-debian-gcc, r-devel-linux-x86_64-fedora-clang, r-devel-linux-x86_64-fedora-gcc, r-devel-windows-ix86+x86_64