CRAN Package Check Results for Package RobLox

Last updated on 2015-12-29 00:46:58.

Flavor Version Tinstall Tcheck Ttotal Status Flags
r-devel-linux-x86_64-debian-gcc 0.9 8.60 91.74 100.34 NOTE
r-devel-linux-x86_64-fedora-clang 0.9 202.76 NOTE
r-devel-linux-x86_64-fedora-gcc 0.9 194.68 NOTE
r-devel-osx-x86_64-clang 0.9 237.63 NOTE
r-devel-windows-ix86+x86_64 0.9 20.00 150.00 170.00 NOTE
r-patched-linux-x86_64 0.9 8.86 92.95 101.81 NOTE
r-patched-solaris-sparc 0.9 1301.10 NOTE
r-patched-solaris-x86 0.9 242.80 NOTE
r-release-linux-x86_64 0.9 8.80 95.63 104.42 NOTE
r-release-osx-x86_64-mavericks 0.9 NOTE
r-release-windows-ix86+x86_64 0.9 27.00 206.00 233.00 NOTE
r-oldrel-windows-ix86+x86_64 0.9 42.00 213.00 255.00 NOTE

Check Details

Version: 0.9
Check: DESCRIPTION meta-information
Result: NOTE
    Malformed Description field: should contain one or more complete sentences.
Flavors: r-devel-linux-x86_64-debian-gcc, r-devel-linux-x86_64-fedora-clang, r-devel-linux-x86_64-fedora-gcc, r-devel-osx-x86_64-clang, r-devel-windows-ix86+x86_64, r-patched-linux-x86_64, r-patched-solaris-sparc, r-patched-solaris-x86, r-release-linux-x86_64, r-release-osx-x86_64-mavericks, r-release-windows-ix86+x86_64

Version: 0.9
Check: R code for possible problems
Result: NOTE
    .ALrlsGeta1a2a3 : integrand1: no visible global function definition for
     ‘dnorm’
    .ALrlsGeta1a2a3: no visible global function definition for ‘integrate’
    .ALrlsGeta1a2a3 : integrand2: no visible global function definition for
     ‘dnorm’
    .ALrlsGeta1a2a3 : integrand3: no visible global function definition for
     ‘dnorm’
    .ALrlsGetr : integrandr: no visible global function definition for
     ‘dnorm’
    .ALrlsGetr: no visible global function definition for ‘integrate’
    .ALrlsVar : integrand1: no visible global function definition for
     ‘dnorm’
    .ALrlsVar: no visible global function definition for ‘integrate’
    .ALrlsVar : integrand2: no visible global function definition for
     ‘dnorm’
    .ALrsGetr: no visible global function definition for ‘pnorm’
    .ALrsGetr: no visible global function definition for ‘dnorm’
    .ALrsGetz: no visible global function definition for ‘dnorm’
    .ALrsGetz: no visible global function definition for ‘pnorm’
    .An1rlsGetbias: no visible global function definition for ‘integrate’
    .An1rlsGetbias : <anonymous>: no visible global function definition for
     ‘dnorm’
    .An1rlsGetmse: no visible global function definition for ‘optimize’
    .An1rlsGetvar: no visible global function definition for ‘integrate’
    .An1rlsGetvar : <anonymous>: no visible global function definition for
     ‘dnorm’
    .An2rlsGetbias: no visible global function definition for ‘pnorm’
    .An2rlsGetbias: no visible global function definition for ‘dnorm’
    .An2rlsGetbias: no visible global function definition for ‘integrate’
    .An2rlsGetbias : <anonymous>: no visible global function definition for
     ‘dnorm’
    .An2rlsGetmse: no visible global function definition for ‘pnorm’
    .An2rlsGetmse: no visible global function definition for ‘dnorm’
    .An2rlsGetvar: no visible global function definition for ‘integrate’
    .An2rlsGetvar : <anonymous>: no visible global function definition for
     ‘dnorm’
    .An2rlsGetvar: no visible global function definition for ‘pnorm’
    .An2rlsGetvar: no visible global function definition for ‘dnorm’
    .AnMadrlsGetmse: no visible global function definition for ‘integrate’
    .AnMadrlsGetmse : <anonymous>: no visible global function definition
     for ‘dnorm’
    .AnMadrlsGetmse: no visible global function definition for ‘qnorm’
    .AnMadrlsGetmse: no visible global function definition for ‘dnorm’
    .AnMadrlsGetvar: no visible global function definition for ‘integrate’
    .AnMadrlsGetvar : <anonymous>: no visible global function definition
     for ‘dnorm’
    .AnMadrlsGetvar: no visible global function definition for ‘qnorm’
    .AnMadrlsGetvar: no visible global function definition for ‘dnorm’
    .BMrlsGeta: no visible global function definition for ‘pnorm’
    .BMrlsGeta: no visible global function definition for ‘dnorm’
    .BMrlsGetbLmin: no visible global function definition for ‘dnorm’
    .BMrlsGetbLmin: no visible global function definition for ‘pnorm’
    .BMrlsGetgg: no visible global function definition for ‘dnorm’
    .BMrlsGetgg: no visible global function definition for ‘pnorm’
    .BMrlsGetmse: no visible global function definition for ‘uniroot’
    .BMrlsGetmse: no visible global function definition for ‘dnorm’
    .BMrlsGetmse: no visible global function definition for ‘pnorm’
    .BMrlsGetvar: no visible global function definition for ‘dnorm’
    .BMrlsGetvar: no visible global function definition for ‘pnorm’
    .Ha3rlsGetbias: no visible global function definition for ‘pnorm’
    .Ha3rlsGetbias: no visible global function definition for ‘dnorm’
    .Ha3rlsGetmse: no visible global function definition for ‘optimize’
    .Ha3rlsGetvar: no visible global function definition for ‘dnorm’
    .Ha3rlsGetvar: no visible global function definition for ‘pnorm’
    .Ha4rlsGetbias: no visible global function definition for ‘pnorm’
    .Ha4rlsGetbias: no visible global function definition for ‘dnorm’
    .Ha4rlsGetmse: no visible global function definition for ‘pnorm’
    .Ha4rlsGetmse: no visible global function definition for ‘dnorm’
    .Ha4rlsGetvar: no visible global function definition for ‘dnorm’
    .Ha4rlsGetvar: no visible global function definition for ‘pnorm’
    .HaMadrlsGetmse: no visible global function definition for ‘pnorm’
    .HaMadrlsGetmse: no visible global function definition for ‘qnorm’
    .HaMadrlsGetmse: no visible global function definition for ‘dnorm’
    .HaMadrlsGetvar: no visible global function definition for ‘dnorm’
    .HaMadrlsGetvar: no visible global function definition for ‘pnorm’
    .HaMadrlsGetvar: no visible global function definition for ‘qnorm’
    .Hu1rlsGetbias: no visible global function definition for ‘pnorm’
    .Hu1rlsGetbias: no visible global function definition for ‘dnorm’
    .Hu1rlsGetmse: no visible global function definition for ‘pnorm’
    .Hu1rlsGetmse: no visible global function definition for ‘dnorm’
    .Hu1rlsGetvar: no visible global function definition for ‘pnorm’
    .Hu1rlsGetvar: no visible global function definition for ‘dnorm’
    .Hu2arlsGetbias: no visible global function definition for ‘pnorm’
    .Hu2arlsGetbias: no visible global function definition for ‘dnorm’
    .Hu2arlsGetmse: no visible global function definition for ‘pnorm’
    .Hu2arlsGetmse: no visible global function definition for ‘dnorm’
    .Hu2arlsGetvar: no visible global function definition for ‘pnorm’
    .Hu2arlsGetvar: no visible global function definition for ‘dnorm’
    .Hu2rlsGetbias: no visible global function definition for ‘pnorm’
    .Hu2rlsGetbias: no visible global function definition for ‘dnorm’
    .Hu2rlsGetmse: no visible global function definition for ‘pnorm’
    .Hu2rlsGetmse: no visible global function definition for ‘dnorm’
    .Hu2rlsGetvar: no visible global function definition for ‘pnorm’
    .Hu2rlsGetvar: no visible global function definition for ‘dnorm’
    .Hu3rlsGetbias: no visible global function definition for ‘pnorm’
    .Hu3rlsGetbias: no visible global function definition for ‘dnorm’
    .Hu3rlsGetchi: no visible global function definition for ‘pnorm’
    .Hu3rlsGetchi: no visible global function definition for ‘dnorm’
    .Hu3rlsGetmse: no visible global function definition for ‘pnorm’
    .Hu3rlsGetmse: no visible global function definition for ‘dnorm’
    .Hu3rlsGetvar: no visible global function definition for ‘pnorm’
    .Hu3rlsGetvar: no visible global function definition for ‘dnorm’
    .HuMadrlsGetmse: no visible global function definition for ‘qnorm’
    .HuMadrlsGetmse: no visible global function definition for ‘dnorm’
    .HuMadrlsGetmse: no visible global function definition for ‘pnorm’
    .HuMadrlsGetvar: no visible global function definition for ‘pnorm’
    .HuMadrlsGetvar: no visible global function definition for ‘dnorm’
    .HuMadrlsGetvar: no visible global function definition for ‘qnorm’
    .MM2rlsGetmse: no visible global function definition for ‘integrate’
    .MM2rlsGetmse : <anonymous>: no visible global function definition for
     ‘dnorm’
    .MM2rlsGetmse: no visible global function definition for ‘optimize’
    .MM2rlsGetvar: no visible global function definition for ‘integrate’
    .MM2rlsGetvar : <anonymous>: no visible global function definition for
     ‘dnorm’
    .MrlsGetC1 : integrandC1: no visible global function definition for
     ‘dnorm’
    .MrlsGetC1: no visible global function definition for ‘integrate’
    .MrlsGetC3 : integrandC3: no visible global function definition for
     ‘dnorm’
    .MrlsGetC3: no visible global function definition for ‘integrate’
    .MrlsGeta1a3 : integrand1: no visible global function definition for
     ‘dnorm’
    .MrlsGeta1a3: no visible global function definition for ‘integrate’
    .MrlsGeta1a3 : integrand2: no visible global function definition for
     ‘dnorm’
    .MrlsGeta1a3 : integrand3: no visible global function definition for
     ‘dnorm’
    .MrlsGetba1a3: no visible global function definition for ‘uniroot’
    .MrlsGetba1a3 : integrand1: no visible global function definition for
     ‘dnorm’
    .MrlsGetba1a3: no visible global function definition for ‘integrate’
    .MrlsGetba1a3 : integrand2: no visible global function definition for
     ‘dnorm’
    .MrlsGetr : integrandr: no visible global function definition for
     ‘dnorm’
    .MrlsGetr: no visible global function definition for ‘integrate’
    .MrlsGetvar : integrandVar: no visible global function definition for
     ‘dnorm’
    .MrlsGetvar: no visible global function definition for ‘integrate’
    .Tu1rlsGetbias: no visible global function definition for ‘dnorm’
    .Tu1rlsGetbias: no visible global function definition for ‘pnorm’
    .Tu1rlsGetbias: no visible global function definition for ‘integrate’
    .Tu1rlsGetbias : <anonymous>: no visible global function definition for
     ‘dnorm’
    .Tu1rlsGetmse: no visible global function definition for ‘optimize’
    .Tu1rlsGetvar: no visible global function definition for ‘dnorm’
    .Tu1rlsGetvar: no visible global function definition for ‘pnorm’
    .Tu1rlsGetvar: no visible global function definition for ‘integrate’
    .Tu1rlsGetvar : <anonymous>: no visible global function definition for
     ‘dnorm’
    .Tu2rlsGetbias: no visible global function definition for ‘pnorm’
    .Tu2rlsGetbias: no visible global function definition for ‘dnorm’
    .Tu2rlsGetmse: no visible global function definition for ‘pnorm’
    .Tu2rlsGetmse: no visible global function definition for ‘dnorm’
    .Tu2rlsGetvar: no visible global function definition for ‘integrate’
    .Tu2rlsGetvar : <anonymous>: no visible global function definition for
     ‘dnorm’
    .Tu2rlsGetvar: no visible global function definition for ‘dnorm’
    .Tu2rlsGetvar: no visible global function definition for ‘pnorm’
    .TuMadrlsGetmse: no visible global function definition for ‘dnorm’
    .TuMadrlsGetmse: no visible global function definition for ‘pnorm’
    .TuMadrlsGetmse: no visible global function definition for ‘qnorm’
    .TuMadrlsGetvar: no visible global function definition for ‘dnorm’
    .TuMadrlsGetvar: no visible global function definition for ‘pnorm’
    .TuMadrlsGetvar: no visible global function definition for ‘integrate’
    .TuMadrlsGetvar : <anonymous>: no visible global function definition
     for ‘dnorm’
    .TuMadrlsGetvar: no visible global function definition for ‘qnorm’
    .getA.loc: no visible global function definition for ‘approx’
    .getA.sc: no visible global function definition for ‘approx’
    .getA1.locsc: no visible global function definition for ‘approx’
    .getA2.locsc: no visible global function definition for ‘approx’
    .geta.locsc: no visible global function definition for ‘approx’
    .geta.sc: no visible global function definition for ‘approx’
    .getb.loc: no visible global function definition for ‘approx’
    .getb.locsc: no visible global function definition for ‘approx’
    .getb.sc: no visible global function definition for ‘approx’
    .getsInterval: no visible global function definition for ‘qnorm’
    .getsInterval: no visible global function definition for ‘dnorm’
    finiteSampleCorrection: no visible global function definition for
     ‘approx’
    lsAn1.chi: no visible global function definition for ‘integrate’
    lsAn1.chi : <anonymous>: no visible global function definition for
     ‘dnorm’
    lsHa3.chi: no visible global function definition for ‘pnorm’
    lsHu1.chi: no visible global function definition for ‘pnorm’
    lsHu1.chi: no visible global function definition for ‘dnorm’
    lsHu2.chi: no visible global function definition for ‘pnorm’
    lsHu2.chi: no visible global function definition for ‘dnorm’
    rlOptIC: no visible global function definition for ‘uniroot’
    rlOptIC : <anonymous>: no visible global function definition for
     ‘dnorm’
    rlOptIC : <anonymous>: no visible global function definition for
     ‘pnorm’
    rlOptIC: no visible global function definition for ‘pnorm’
    rlOptIC: no visible global function definition for ‘new’
    rlOptIC : modIC: no visible global function definition for ‘is’
    rlsOptIC.AL: no visible global function definition for ‘uniroot’
    rlsOptIC.AL : integrand1: no visible global function definition for
     ‘dnorm’
    rlsOptIC.AL: no visible global function definition for ‘integrate’
    rlsOptIC.AL : integrand2: no visible global function definition for
     ‘dnorm’
    rlsOptIC.AL : integrand3: no visible global function definition for
     ‘dnorm’
    rlsOptIC.AL: no visible global function definition for ‘new’
    rlsOptIC.AL : modIC: no visible global function definition for ‘is’
    rlsOptIC.An1: no visible global function definition for ‘optimize’
    rlsOptIC.An1: no visible global function definition for ‘integrate’
    rlsOptIC.An1 : <anonymous>: no visible global function definition for
     ‘dnorm’
    rlsOptIC.An1: no visible global function definition for ‘IC’
    rlsOptIC.An2: no visible global function definition for ‘optim’
    rlsOptIC.An2: no visible global function definition for ‘integrate’
    rlsOptIC.An2 : <anonymous>: no visible global function definition for
     ‘dnorm’
    rlsOptIC.An2: no visible global function definition for ‘pnorm’
    rlsOptIC.An2: no visible global function definition for ‘dnorm’
    rlsOptIC.An2: no visible global function definition for ‘IC’
    rlsOptIC.AnMad: no visible global function definition for ‘optimize’
    rlsOptIC.AnMad: no visible global function definition for ‘integrate’
    rlsOptIC.AnMad : <anonymous>: no visible global function definition for
     ‘dnorm’
    rlsOptIC.AnMad: no visible global function definition for ‘qnorm’
    rlsOptIC.AnMad: no visible global function definition for ‘dnorm’
    rlsOptIC.AnMad: no visible global function definition for ‘IC’
    rlsOptIC.BM: no visible global function definition for ‘optim’
    rlsOptIC.BM: no visible global function definition for ‘uniroot’
    rlsOptIC.BM: no visible global function definition for ‘dnorm’
    rlsOptIC.BM: no visible global function definition for ‘pnorm’
    rlsOptIC.BM: no visible global function definition for ‘IC’
    rlsOptIC.Ha3: no visible global function definition for ‘optim’
    rlsOptIC.Ha3: no visible global function definition for ‘pnorm’
    rlsOptIC.Ha3: no visible global function definition for ‘dnorm’
    rlsOptIC.Ha3: no visible global function definition for ‘optimize’
    rlsOptIC.Ha3: no visible global function definition for ‘IC’
    rlsOptIC.Ha4: no visible global function definition for ‘optim’
    rlsOptIC.Ha4: no visible global function definition for ‘pnorm’
    rlsOptIC.Ha4: no visible global function definition for ‘dnorm’
    rlsOptIC.Ha4: no visible global function definition for ‘IC’
    rlsOptIC.HaMad: no visible global function definition for ‘optim’
    rlsOptIC.HaMad: no visible global function definition for ‘pnorm’
    rlsOptIC.HaMad: no visible global function definition for ‘qnorm’
    rlsOptIC.HaMad: no visible global function definition for ‘dnorm’
    rlsOptIC.HaMad: no visible global function definition for ‘IC’
    rlsOptIC.Hu1: no visible global function definition for ‘optimize’
    rlsOptIC.Hu1: no visible global function definition for ‘pnorm’
    rlsOptIC.Hu1: no visible global function definition for ‘dnorm’
    rlsOptIC.Hu1: no visible global function definition for ‘IC’
    rlsOptIC.Hu2: no visible global function definition for ‘optim’
    rlsOptIC.Hu2: no visible global function definition for ‘pnorm’
    rlsOptIC.Hu2: no visible global function definition for ‘dnorm’
    rlsOptIC.Hu2: no visible global function definition for ‘IC’
    rlsOptIC.Hu2a: no visible global function definition for ‘optim’
    rlsOptIC.Hu2a: no visible global function definition for ‘pnorm’
    rlsOptIC.Hu2a: no visible global function definition for ‘dnorm’
    rlsOptIC.Hu2a: no visible global function definition for ‘IC’
    rlsOptIC.Hu3: no visible global function definition for ‘optim’
    rlsOptIC.Hu3: no visible global function definition for ‘pnorm’
    rlsOptIC.Hu3: no visible global function definition for ‘dnorm’
    rlsOptIC.Hu3: no visible global function definition for ‘IC’
    rlsOptIC.HuMad: no visible global function definition for ‘optimize’
    rlsOptIC.HuMad: no visible global function definition for ‘qnorm’
    rlsOptIC.HuMad: no visible global function definition for ‘dnorm’
    rlsOptIC.HuMad: no visible global function definition for ‘pnorm’
    rlsOptIC.HuMad: no visible global function definition for ‘IC’
    rlsOptIC.M: no visible global function definition for ‘optimize’
    rlsOptIC.M: no visible global function definition for ‘IC’
    rlsOptIC.MM2: no visible global function definition for ‘optim’
    rlsOptIC.MM2: no visible global function definition for ‘integrate’
    rlsOptIC.MM2 : <anonymous>: no visible global function definition for
     ‘dnorm’
    rlsOptIC.MM2: no visible global function definition for ‘optimize’
    rlsOptIC.MM2: no visible global function definition for ‘IC’
    rlsOptIC.Tu1: no visible global function definition for ‘optimize’
    rlsOptIC.Tu1: no visible global function definition for ‘dnorm’
    rlsOptIC.Tu1: no visible global function definition for ‘pnorm’
    rlsOptIC.Tu1: no visible global function definition for ‘integrate’
    rlsOptIC.Tu1 : <anonymous>: no visible global function definition for
     ‘dnorm’
    rlsOptIC.Tu1: no visible global function definition for ‘IC’
    rlsOptIC.Tu2: no visible global function definition for ‘optim’
    rlsOptIC.Tu2: no visible global function definition for ‘dnorm’
    rlsOptIC.Tu2: no visible global function definition for ‘pnorm’
    rlsOptIC.Tu2: no visible global function definition for ‘IC’
    rlsOptIC.TuMad: no visible global function definition for ‘optimize’
    rlsOptIC.TuMad: no visible global function definition for ‘dnorm’
    rlsOptIC.TuMad: no visible global function definition for ‘pnorm’
    rlsOptIC.TuMad: no visible global function definition for ‘qnorm’
    rlsOptIC.TuMad: no visible global function definition for ‘IC’
    roblox: no visible global function definition for ‘complete.cases’
    roblox: no visible global function definition for ‘na.omit’
    roblox: no visible global function definition for ‘median’
    roblox: no visible global function definition for ‘mad’
    roblox: no visible global function definition for ‘new’
    roblox : modIC: no visible global function definition for ‘is’
    roblox: no visible global function definition for ‘uniroot’
    roblox: no visible binding for global variable ‘median’
    roblox: no visible global function definition for ‘qnorm’
    roblox: no visible global function definition for ‘dnorm’
    roblox: no visible binding for global variable ‘mad’
    rowRoblox: no visible global function definition for ‘complete.cases’
    rowRoblox: no visible global function definition for ‘na.omit’
    rowRoblox: no visible global function definition for ‘qnorm’
    rowRoblox: no visible global function definition for ‘new’
    rowRoblox: no visible global function definition for ‘uniroot’
    rowRoblox: no visible global function definition for ‘dnorm’
    rsOptIC: no visible global function definition for ‘uniroot’
    rsOptIC: no visible global function definition for ‘dnorm’
    rsOptIC: no visible global function definition for ‘pnorm’
    rsOptIC: no visible global function definition for ‘new’
    rsOptIC : modIC: no visible global function definition for ‘is’
    showdown: no visible global function definition for ‘curve’
    showdown: no visible binding for global variable ‘pnorm’
    showdown : fun: no visible global function definition for ‘pnorm’
    showdown : fun: no visible global function definition for ‘p’
    showdown: no visible global function definition for ‘legend’
    showdown: no visible global function definition for ‘rbinom’
    showdown: no visible global function definition for ‘rnorm’
    showdown: no visible global function definition for ‘dev.new’
    showdown: no visible global function definition for ‘qnorm’
    showdown: no visible global function definition for ‘layout’
    showdown: no visible global function definition for ‘boxplot’
    showdown: no visible global function definition for ‘abline’
    showdown: no visible global function definition for ‘par’
    showdown: no visible global function definition for ‘plot’
    Undefined global functions or variables:
     IC abline approx boxplot complete.cases curve dev.new dnorm integrate
     is layout legend mad median na.omit new optim optimize p par plot
     pnorm qnorm rbinom rnorm uniroot
    Consider adding
     importFrom("grDevices", "dev.new")
     importFrom("graphics", "abline", "boxplot", "curve", "layout",
     "legend", "par", "plot")
     importFrom("methods", "is", "new")
     importFrom("stats", "approx", "complete.cases", "dnorm", "integrate",
     "mad", "median", "na.omit", "optim", "optimize", "pnorm",
     "qnorm", "rbinom", "rnorm", "uniroot")
    to your NAMESPACE (and ensure that your DESCRIPTION Imports field
    contains 'methods').
Flavors: r-devel-linux-x86_64-debian-gcc, r-devel-linux-x86_64-fedora-clang, r-devel-linux-x86_64-fedora-gcc, r-devel-windows-ix86+x86_64

Version: 0.9
Check: R code for possible problems
Result: NOTE
    rlsOptIC.An1: no visible global function definition for ‘IC’
    rlsOptIC.An2: no visible global function definition for ‘IC’
    rlsOptIC.AnMad: no visible global function definition for ‘IC’
    rlsOptIC.BM: no visible global function definition for ‘IC’
    rlsOptIC.Ha3: no visible global function definition for ‘IC’
    rlsOptIC.Ha4: no visible global function definition for ‘IC’
    rlsOptIC.HaMad: no visible global function definition for ‘IC’
    rlsOptIC.Hu1: no visible global function definition for ‘IC’
    rlsOptIC.Hu2: no visible global function definition for ‘IC’
    rlsOptIC.Hu2a: no visible global function definition for ‘IC’
    rlsOptIC.Hu3: no visible global function definition for ‘IC’
    rlsOptIC.HuMad: no visible global function definition for ‘IC’
    rlsOptIC.M: no visible global function definition for ‘IC’
    rlsOptIC.MM2: no visible global function definition for ‘IC’
    rlsOptIC.Tu1: no visible global function definition for ‘IC’
    rlsOptIC.Tu2: no visible global function definition for ‘IC’
    rlsOptIC.TuMad: no visible global function definition for ‘IC’
    showdown : fun: no visible global function definition for ‘p’
    Undefined global functions or variables:
     IC p
Flavor: r-devel-osx-x86_64-clang

Version: 0.9
Check: R code for possible problems
Result: NOTE
    rlsOptIC.An1: no visible global function definition for ‘IC’
    rlsOptIC.An2: no visible global function definition for ‘IC’
    rlsOptIC.AnMad: no visible global function definition for ‘IC’
    rlsOptIC.BM: no visible global function definition for ‘IC’
    rlsOptIC.Ha3: no visible global function definition for ‘IC’
    rlsOptIC.Ha4: no visible global function definition for ‘IC’
    rlsOptIC.HaMad: no visible global function definition for ‘IC’
    rlsOptIC.Hu1: no visible global function definition for ‘IC’
    rlsOptIC.Hu2: no visible global function definition for ‘IC’
    rlsOptIC.Hu2a: no visible global function definition for ‘IC’
    rlsOptIC.Hu3: no visible global function definition for ‘IC’
    rlsOptIC.HuMad: no visible global function definition for ‘IC’
    rlsOptIC.M: no visible global function definition for ‘IC’
    rlsOptIC.MM2: no visible global function definition for ‘IC’
    rlsOptIC.Tu1: no visible global function definition for ‘IC’
    rlsOptIC.Tu2: no visible global function definition for ‘IC’
    rlsOptIC.TuMad: no visible global function definition for ‘IC’
    showdown : fun: no visible global function definition for ‘p’
Flavors: r-patched-linux-x86_64, r-patched-solaris-sparc, r-patched-solaris-x86, r-release-linux-x86_64, r-release-osx-x86_64-mavericks, r-release-windows-ix86+x86_64, r-oldrel-windows-ix86+x86_64

Version: 0.9
Check: Rd cross-references
Result: NOTE
    Package unavailable to check Rd xrefs: ‘ROptEst’
Flavor: r-release-osx-x86_64-mavericks