Last updated on 2015-12-29 00:47:02.
Flavor | Version | Tinstall | Tcheck | Ttotal | Status | Flags |
---|---|---|---|---|---|---|
r-devel-linux-x86_64-debian-gcc | 0.6.4 | 0.70 | 26.19 | 26.90 | NOTE | |
r-devel-linux-x86_64-fedora-clang | 0.6.4 | 52.38 | NOTE | |||
r-devel-linux-x86_64-fedora-gcc | 0.6.4 | 50.83 | NOTE | |||
r-devel-osx-x86_64-clang | 0.6.4 | 61.10 | NOTE | |||
r-devel-windows-ix86+x86_64 | 0.6.4 | 6.00 | 49.00 | 55.00 | NOTE | |
r-patched-linux-x86_64 | 0.6.4 | 0.70 | 26.96 | 27.66 | NOTE | |
r-patched-solaris-sparc | 0.6.4 | 391.80 | NOTE | |||
r-patched-solaris-x86 | 0.6.4 | 67.50 | NOTE | |||
r-release-linux-x86_64 | 0.6.4 | 0.67 | 29.08 | 29.75 | NOTE | |
r-release-osx-x86_64-mavericks | 0.6.4 | NOTE | ||||
r-release-windows-ix86+x86_64 | 0.6.4 | 3.00 | 44.00 | 47.00 | NOTE | |
r-oldrel-windows-ix86+x86_64 | 0.6.4 | 6.00 | 51.00 | 57.00 | OK |
Version: 0.6.4
Check: DESCRIPTION meta-information
Result: NOTE
Malformed Description field: should contain one or more complete sentences.
Flavors: r-devel-linux-x86_64-debian-gcc, r-devel-linux-x86_64-fedora-clang, r-devel-linux-x86_64-fedora-gcc, r-devel-osx-x86_64-clang, r-devel-windows-ix86+x86_64, r-patched-linux-x86_64, r-patched-solaris-sparc, r-patched-solaris-x86, r-release-linux-x86_64, r-release-osx-x86_64-mavericks, r-release-windows-ix86+x86_64
Version: 0.6.4
Check: R code for possible problems
Result: NOTE
SS.ID: no visible global function definition for ‘var’
SS.sim.chol: no visible global function definition for ‘rnorm’
Undefined global functions or variables:
rnorm var
Consider adding
importFrom("stats", "rnorm", "var")
to your NAMESPACE.
Flavors: r-devel-linux-x86_64-debian-gcc, r-devel-linux-x86_64-fedora-clang, r-devel-linux-x86_64-fedora-gcc, r-devel-windows-ix86+x86_64