CRAN Package Check Results for Package SensoMineR

Last updated on 2015-12-29 00:47:00.

Flavor Version Tinstall Tcheck Ttotal Status Flags
r-devel-linux-x86_64-debian-gcc 1.20 5.34 76.76 82.10 NOTE
r-devel-linux-x86_64-fedora-clang 1.20 154.44 NOTE
r-devel-linux-x86_64-fedora-gcc 1.20 144.79 NOTE
r-devel-osx-x86_64-clang 1.20 166.06 NOTE
r-devel-windows-ix86+x86_64 1.20 13.00 121.00 134.00 NOTE
r-patched-linux-x86_64 1.20 5.04 75.23 80.26 NOTE
r-patched-solaris-sparc 1.20 960.40 NOTE
r-patched-solaris-x86 1.20 186.50 NOTE
r-release-linux-x86_64 1.20 6.35 75.53 81.88 NOTE
r-release-osx-x86_64-mavericks 1.20 NOTE
r-release-windows-ix86+x86_64 1.20 18.00 130.00 148.00 NOTE
r-oldrel-windows-ix86+x86_64 1.20 29.00 172.00 201.00 OK

Check Details

Version: 1.20
Check: DESCRIPTION meta-information
Result: NOTE
    Malformed Description field: should contain one or more complete sentences.
Flavors: r-devel-linux-x86_64-debian-gcc, r-devel-linux-x86_64-fedora-clang, r-devel-linux-x86_64-fedora-gcc, r-devel-osx-x86_64-clang, r-devel-windows-ix86+x86_64, r-patched-linux-x86_64, r-patched-solaris-sparc, r-patched-solaris-x86, r-release-linux-x86_64, r-release-osx-x86_64-mavericks, r-release-windows-ix86+x86_64

Version: 1.20
Check: S3 generic/method consistency
Result: NOTE
    Found the following apparent S3 methods exported but not registered:
     plot.IdMap plot.WordCountAna plot.fahst plot.fasnt plot.fast
     print.fahst print.fasnt print.fast
    See section ‘Registering S3 methods’ in the ‘Writing R Extensions’
    manual.
Flavors: r-devel-linux-x86_64-debian-gcc, r-devel-linux-x86_64-fedora-clang, r-devel-linux-x86_64-fedora-gcc, r-devel-osx-x86_64-clang, r-patched-linux-x86_64, r-patched-solaris-sparc, r-patched-solaris-x86, r-release-linux-x86_64

Version: 1.20
Check: R code for possible problems
Result: NOTE
    ConsensualWords: no visible binding for global variable ‘var’
    ConsensualWords: no visible global function definition for ‘plot’
    ConsistencyIdeal : senso.consist: no visible global function definition
     for ‘dev.new’
    ConsistencyIdeal : senso.consist: no visible global function definition
     for ‘layout’
    ConsistencyIdeal : senso.consist: no visible global function definition
     for ‘cor’
    ConsistencyIdeal : senso.consist: no visible global function definition
     for ‘sd’
    ConsistencyIdeal : senso.consist: no visible global function definition
     for ‘cor.test’
    ConsistencyIdeal : senso.consist: no visible global function definition
     for ‘plot’
    ConsistencyIdeal : senso.consist: no visible global function definition
     for ‘density’
    ConsistencyIdeal : senso.consist: no visible global function definition
     for ‘na.omit’
    ConsistencyIdeal : hedo.consist: no visible global function definition
     for ‘na.omit’
    ConsistencyIdeal : hedo.consist: no visible global function definition
     for ‘sd’
    ConsistencyIdeal : hedo.consist: no visible global function definition
     for ‘aov’
    ConsistencyIdeal : hedo.consist: no visible global function definition
     for ‘as.formula’
    ConsistencyIdeal : hedo.consist: no visible global function definition
     for ‘summary.lm’
    ConsistencyIdeal : hedo.consist: no visible global function definition
     for ‘predict’
    ConsistencyIdeal : hedo.consist: no visible global function definition
     for ‘dev.new’
    ConsistencyIdeal : hedo.consist: no visible global function definition
     for ‘plot’
    ConsistencyIdeal : hedo.consist: no visible global function definition
     for ‘text’
    ConsistencyIdeal : hedo.consist: no visible global function definition
     for ‘abline’
    ConsistencyIdeal : hedo.consist: no visible global function definition
     for ‘hist’
    ConsistencyIdeal : hedo.consist: no visible global function definition
     for ‘layout’
    ConsistencyIdeal : hedo.consist: no visible global function definition
     for ‘density’
    ConsistencyIdeal : hedo.consist: no visible global function definition
     for ‘legend’
    ConsistencyIdeal : hedo.consist: no visible global function definition
     for ‘barplot’
    ConsistencyIdeal : hedo.consist: no visible global function definition
     for ‘axis’
    IdMap : forprefmap: no visible global function definition for ‘var’
    IdMap : forprefmap: no visible global function definition for ‘na.omit’
    IdMap : plotellipse2: no visible global function definition for
     ‘dev.new’
    IdMap : plotellipseinter2: no visible global function definition for
     ‘var’
    IdMap : plotellipseinter2: no visible global function definition for
     ‘plot’
    IdMap : plotellipseinter2: no visible global function definition for
     ‘title’
    IdMap : plotellipseinter2: no visible global function definition for
     ‘abline’
    IdMap : plotellipseinter2: no visible global function definition for
     ‘points’
    IdMap : plotellipseinter2: no visible global function definition for
     ‘text’
    IdMap : plotellipseinter2: no visible global function definition for
     ‘lines’
    IdMap : ellipse2: no visible global function definition for ‘qchisq’
    IdMap: no visible global function definition for ‘dev.new’
    IdMap: no visible global function definition for ‘image’
    IdMap: no visible global function definition for ‘terrain.colors’
    IdMap: no visible global function definition for ‘contour’
    IdMap: no visible global function definition for ‘points’
    IdMap: no visible global function definition for ‘text’
    IdMap: no visible global function definition for ‘abline’
    IdMap: no visible global function definition for ‘grey’
    IdMapConsumer : forprefmap: no visible global function definition for
     ‘var’
    IdMapConsumer : forprefmap: no visible global function definition for
     ‘na.omit’
    IdMapConsumer : plotellipse2: no visible global function definition for
     ‘dev.new’
    IdMapConsumer : plotellipseinter2: no visible global function
     definition for ‘var’
    IdMapConsumer : plotellipseinter2: no visible global function
     definition for ‘plot’
    IdMapConsumer : plotellipseinter2: no visible global function
     definition for ‘title’
    IdMapConsumer : plotellipseinter2: no visible global function
     definition for ‘abline’
    IdMapConsumer : plotellipseinter2: no visible global function
     definition for ‘points’
    IdMapConsumer : plotellipseinter2: no visible global function
     definition for ‘text’
    IdMapConsumer : plotellipseinter2: no visible global function
     definition for ‘lines’
    IdMapConsumer : ellipse2: no visible global function definition for
     ‘qchisq’
    IdMapConsumer: no visible global function definition for ‘dev.new’
    IdMapConsumer: no visible global function definition for ‘image’
    IdMapConsumer: no visible global function definition for
     ‘terrain.colors’
    IdMapConsumer: no visible global function definition for ‘contour’
    IdMapConsumer: no visible global function definition for ‘points’
    IdMapConsumer: no visible global function definition for ‘text’
    IdMapConsumer: no visible global function definition for ‘abline’
    IdMapConsumer: no visible global function definition for ‘combn’
    IdMapConsumer: no visible global function definition for ‘quantile’
    IdMapConsumer: no visible global function definition for ‘grey’
    IdMapConsumer: no visible global function definition for ‘legend’
    IdMapConsumer: no visible global function definition for ‘dist’
    MultiIdeal : hotelling2: no visible global function definition for
     ‘var’
    MultiIdeal : hotelling2: no visible global function definition for ‘pf’
    MultiIdeal : ellipse2: no visible global function definition for
     ‘qchisq’
    MultiIdeal: no visible global function definition for ‘aov’
    MultiIdeal: no visible global function definition for ‘var’
    MultiIdeal: no visible global function definition for ‘dev.new’
    MultiIdeal: no visible global function definition for ‘plot’
    MultiIdeal: no visible global function definition for ‘text’
    MultiIdeal: no visible global function definition for ‘points’
    MultiIdeal: no visible global function definition for ‘lines’
    ardi: no visible binding for global variable ‘var’
    averagetable: no visible global function definition for ‘as.formula’
    averagetable: no visible global function definition for ‘terms’
    averagetable: no visible global function definition for ‘summary.lm’
    averagetable: no visible global function definition for ‘aov’
    averagetable: no visible binding for global variable ‘na.exclude’
    averagetable: no visible global function definition for ‘write.csv2’
    barrow: no visible global function definition for ‘dev.new’
    barrow: no visible global function definition for ‘par’
    barrow: no visible global function definition for ‘barplot’
    boot: no visible global function definition for ‘dev.new’
    boxprod: no visible global function definition for ‘par’
    boxprod: no visible global function definition for ‘boxplot’
    boxprod: no visible global function definition for ‘dev.new’
    carto : cm.colors2: no visible global function definition for ‘hsv’
    carto: no visible global function definition for ‘dist’
    carto: no visible global function definition for ‘dev.new’
    carto: no visible global function definition for ‘plot’
    carto: no visible global function definition for ‘as.hclust’
    carto: no visible global function definition for ‘kmeans’
    carto: no visible global function definition for ‘cor’
    carto: no visible global function definition for ‘lines’
    carto: no visible global function definition for ‘abline’
    carto: no visible global function definition for ‘arrows’
    carto: no visible global function definition for ‘text’
    carto: no visible global function definition for ‘lm’
    carto: no visible binding for global variable ‘na.omit’
    carto: no visible global function definition for ‘sd’
    carto: no visible global function definition for ‘image’
    carto: no visible global function definition for ‘contour’
    carto: no visible global function definition for ‘points’
    cartoconsumer : cm.colors2: no visible global function definition for
     ‘hsv’
    cartoconsumer: no visible global function definition for ‘dev.new’
    cartoconsumer: no visible global function definition for ‘image’
    cartoconsumer: no visible global function definition for ‘contour’
    cartoconsumer: no visible global function definition for ‘rainbow’
    cartoconsumer: no visible global function definition for ‘points’
    cartoconsumer: no visible global function definition for ‘text’
    coltable : fill: no visible global function definition for ‘rect’
    coltable : fill: no visible global function definition for ‘text’
    coltable : police: no visible global function definition for ‘dev.new’
    coltable : police: no visible global function definition for ‘par’
    coltable : police: no visible global function definition for ‘plot.new’
    coltable : police: no visible global function definition for ‘title’
    coltable : police: no visible global function definition for ‘strwidth’
    coltable: no visible global function definition for ‘dev.new’
    coltable: no visible global function definition for ‘par’
    coltable: no visible global function definition for ‘plot.new’
    coltable: no visible global function definition for ‘title’
    construct.axes: no visible global function definition for ‘plot’
    construct.axes: no visible global function definition for ‘dev.new’
    cpa: no visible global function definition for ‘terrain.colors’
    cpa : colplot: no visible global function definition for
     ‘terrain.colors’
    cpa : colplot: no visible global function definition for ‘plot’
    cpa : colplot: no visible global function definition for ‘legend’
    cpa : colplot: no visible global function definition for ‘abline’
    cpa : colplot: no visible global function definition for ‘points’
    cpa : colplot: no visible global function definition for ‘text’
    cpa: no visible global function definition for ‘par’
    cpa: no visible global function definition for ‘dist’
    cpa: no visible global function definition for ‘plot’
    cpa: no visible global function definition for ‘as.dendrogram’
    cpa: no visible global function definition for ‘as.hclust’
    cpa: no visible global function definition for ‘kmeans’
    cpa: no visible global function definition for ‘cor’
    cpa: no visible global function definition for ‘dev.new’
    cpa: no visible global function definition for ‘points’
    cpa: no visible global function definition for ‘text’
    cpa: no visible global function definition for ‘title’
    decat: no visible global function definition for ‘qnorm’
    decat: no visible global function definition for ‘as.formula’
    decat: no visible global function definition for ‘terms’
    decat: no visible global function definition for ‘aov’
    decat: no visible binding for global variable ‘na.exclude’
    decat: no visible global function definition for ‘pf’
    decat: no visible global function definition for ‘summary.lm’
    decat: no visible global function definition for ‘pnorm’
    decat: no visible global function definition for ‘par’
    decat: no visible global function definition for ‘barplot’
    fahst: no visible global function definition for ‘plot’
    fahst: no visible global function definition for ‘dev.new’
    fahst: no visible global function definition for ‘na.omit’
    fahst: no visible global function definition for ‘text’
    fahst: no visible global function definition for ‘lines’
    fasnt : plot.HMFA.group.niv1: no visible global function definition for
     ‘plot’
    fasnt : plot.HMFA.group.niv1: no visible global function definition for
     ‘points’
    fasnt : plot.HMFA.group.niv1: no visible global function definition for
     ‘text’
    fasnt: no visible global function definition for ‘dev.new’
    fasnt: no visible global function definition for ‘plot’
    fasnt: no visible global function definition for ‘abline’
    fasnt: no visible global function definition for ‘points’
    fasnt: no visible global function definition for ‘text’
    fasnt: no visible global function definition for ‘lines’
    fasnt: no visible global function definition for ‘arrows’
    fasnt : res.nappe: no visible binding for global variable ‘sd’
    fasnt : res.nappe: no visible global function definition for ‘median’
    fasnt: no visible global function definition for ‘na.omit’
    fast: no visible global function definition for ‘sd’
    fast: no visible global function definition for ‘dev.new’
    fast: no visible global function definition for ‘plot’
    fast: no visible global function definition for ‘barplot’
    fast: no visible global function definition for ‘text’
    fcp: no visible global function definition for ‘dev.new’
    fcp: no visible global function definition for ‘plot’
    graphinter: no visible global function definition for ‘variable.names’
    graphinter: no visible global function definition for ‘par’
    graphinter: no visible global function definition for ‘plot’
    graphinter: no visible global function definition for ‘text’
    graphinter: no visible global function definition for ‘points’
    graphinter: no visible global function definition for ‘title’
    graphinter: no visible global function definition for ‘legend’
    graphinter: no visible global function definition for ‘dev.new’
    histprod: no visible global function definition for ‘density’
    histprod: no visible global function definition for ‘par’
    histprod: no visible global function definition for ‘hist’
    histprod: no visible global function definition for ‘grey’
    histprod: no visible global function definition for ‘lines’
    histprod: no visible global function definition for ‘dnorm’
    histprod: no visible global function definition for ‘sd’
    histprod: no visible global function definition for ‘dev.new’
    hsortplot: no visible global function definition for ‘dev.new’
    hsortplot: no visible global function definition for ‘par’
    hsortplot: no visible global function definition for ‘plot’
    indscal: no visible global function definition for ‘dist’
    indscal: no visible global function definition for ‘cmdscale’
    indscal: no visible binding for global variable ‘median’
    indscal: no visible global function definition for ‘rnorm’
    indscal: no visible global function definition for ‘dev.new’
    indscal: no visible global function definition for ‘plot’
    indscal: no visible global function definition for ‘points’
    indscal: no visible global function definition for ‘text’
    indscal: no visible global function definition for ‘cor’
    indscal: no visible global function definition for ‘lines’
    indscal: no visible global function definition for ‘abline’
    indscal: no visible global function definition for ‘arrows’
    interact : plotinteract: no visible global function definition for
     ‘plot’
    interact : plotinteract: no visible global function definition for
     ‘abline’
    interact : plotinteract: no visible global function definition for
     ‘points’
    interact : plotinteract: no visible global function definition for
     ‘legend’
    interact: no visible global function definition for ‘summary.lm’
    interact: no visible global function definition for ‘aov’
    interact: no visible binding for global variable ‘na.exclude’
    interact: no visible global function definition for ‘dev.new’
    magicsort: no visible binding for global variable ‘median’
    nappeplot: no visible global function definition for ‘par’
    nappeplot: no visible global function definition for ‘plot’
    nappeplot: no visible global function definition for ‘points’
    nappeplot: no visible global function definition for ‘text’
    nappeplot: no visible global function definition for ‘dev.new’
    nappesortplot: no visible global function definition for ‘par’
    nappesortplot: no visible global function definition for ‘plot’
    nappesortplot: no visible global function definition for ‘points’
    nappesortplot: no visible global function definition for ‘text’
    nappesortplot: no visible global function definition for ‘dev.new’
    paneliperf: no visible global function definition for ‘as.formula’
    paneliperf: no visible global function definition for ‘terms’
    paneliperf: no visible global function definition for ‘aov’
    paneliperf: no visible binding for global variable ‘na.omit’
    paneliperf: no visible global function definition for ‘qnorm’
    paneliperf: no visible global function definition for ‘summary.lm’
    paneliperf: no visible global function definition for ‘var’
    paneliperf: no visible global function definition for ‘cor’
    paneliperf: no visible global function definition for ‘plot’
    paneliperf: no visible binding for global variable ‘median’
    panellipse : hotelling: no visible global function definition for ‘var’
    panellipse : hotelling: no visible global function definition for ‘pf’
    panellipse : variab.variable: no visible global function definition for
     ‘cor’
    panellipse : variab.variable: no visible global function definition for
     ‘dev.new’
    panellipse : variab.variable: no visible global function definition for
     ‘plot’
    panellipse : variab.variable: no visible global function definition for
     ‘legend’
    panellipse : variab.variable: no visible global function definition for
     ‘points’
    panellipse: no visible global function definition for ‘dev.new’
    panellipse.session : hotelling: no visible global function definition
     for ‘var’
    panellipse.session : hotelling: no visible global function definition
     for ‘pf’
    panellipse.session: no visible global function definition for ‘legend’
    panellipse.session: no visible global function definition for
     ‘as.formula’
    panelmatch : hotelling: no visible global function definition for ‘var’
    panelmatch : hotelling: no visible global function definition for ‘pf’
    panelmatch: no visible binding for global variable ‘var’
    panelmatch: no visible global function definition for ‘plot’
    panelmatch: no visible global function definition for ‘dev.new’
    panelmatch: no visible global function definition for ‘legend’
    panelmatch: no visible global function definition for ‘title’
    panelperf: no visible global function definition for ‘as.formula’
    panelperf: no visible global function definition for ‘terms’
    panelperf: no visible global function definition for ‘aov’
    panelperf: no visible binding for global variable ‘na.exclude’
    panelperf: no visible global function definition for ‘summary.lm’
    panelperf: no visible global function definition for ‘pf’
    plot.IdMap: no visible global function definition for ‘dev.new’
    plot.IdMap: no visible global function definition for ‘sd’
    plot.IdMap: no visible global function definition for ‘image’
    plot.IdMap: no visible global function definition for ‘terrain.colors’
    plot.IdMap: no visible global function definition for ‘contour’
    plot.IdMap: no visible global function definition for ‘points’
    plot.IdMap: no visible global function definition for ‘text’
    plot.IdMap: no visible global function definition for ‘abline’
    plot.IdMap: no visible global function definition for ‘grey’
    plot.IdMap: no visible global function definition for ‘axis’
    plot.WordCountAna: no visible global function definition for ‘dev.new’
    plot.WordCountAna: no visible global function definition for ‘plot’
    plot.WordCountAna: no visible global function definition for ‘text’
    plot.WordCountAna: no visible global function definition for ‘abline’
    plot.fahst: no visible global function definition for ‘dev.new’
    plot.fahst: no visible global function definition for ‘plot’
    plot.fahst: no visible global function definition for ‘abline’
    plot.fahst: no visible global function definition for ‘points’
    plot.fahst: no visible global function definition for ‘text’
    plot.fahst: no visible global function definition for ‘legend’
    plot.fahst: no visible global function definition for ‘lines’
    plot.fasnt: no visible global function definition for ‘dev.new’
    plot.fasnt: no visible global function definition for ‘plot’
    plot.fasnt: no visible global function definition for ‘abline’
    plot.fasnt: no visible global function definition for ‘points’
    plot.fasnt: no visible global function definition for ‘text’
    plot.fasnt: no visible global function definition for ‘legend’
    plot.fasnt: no visible global function definition for ‘lines’
    plot.fasnt: no visible global function definition for ‘arrows’
    plot.fast: no visible global function definition for ‘dev.new’
    plot.fast: no visible global function definition for ‘plot’
    plot.fast: no visible global function definition for ‘abline’
    plot.fast: no visible global function definition for ‘points’
    plot.fast: no visible global function definition for ‘text’
    plot.fast: no visible global function definition for ‘legend’
    plotellipse: no visible global function definition for ‘dev.new’
    plotellipseinter : ellipse2: no visible global function definition for
     ‘qchisq’
    plotellipseinter: no visible global function definition for ‘var’
    plotellipseinter: no visible global function definition for ‘plot’
    plotellipseinter: no visible global function definition for ‘abline’
    plotellipseinter: no visible global function definition for ‘points’
    plotellipseinter: no visible global function definition for ‘text’
    plotellipseinter: no visible global function definition for ‘lines’
    plotellipseinterhmfa : ellipse2: no visible global function definition
     for ‘qchisq’
    plotellipseinterhmfa: no visible global function definition for ‘var’
    plotellipseinterhmfa: no visible global function definition for ‘plot’
    plotellipseinterhmfa: no visible global function definition for
     ‘abline’
    plotellipseinterhmfa: no visible global function definition for
     ‘points’
    plotellipseinterhmfa: no visible global function definition for ‘lines’
    plotellipseinterhmfa: no visible global function definition for ‘text’
    plotellipseinterhmfa: no visible global function definition for ‘title’
    plotpanelist: no visible global function definition for ‘plot’
    plotpanelist: no visible global function definition for ‘abline’
    plotpanelist: no visible global function definition for ‘points’
    plotpanelist: no visible global function definition for ‘text’
    plotpanelist: no visible global function definition for ‘title’
    pmfa: no visible global function definition for ‘dev.new’
    pmfa: no visible global function definition for ‘plot’
    pmfa: no visible global function definition for ‘points’
    pmfa: no visible global function definition for ‘text’
    pmfa: no visible global function definition for ‘lines’
    scalebypanelist: no visible global function definition for ‘summary.lm’
    scalebypanelist: no visible global function definition for ‘aov’
    scalebypanelist: no visible binding for global variable ‘na.exclude’
    scalebypanelist: no visible global function definition for ‘var’
    search.desc: no visible global function definition for ‘aov’
    search.desc: no visible global function definition for ‘as.formula’
    search.desc: no visible binding for global variable ‘na.exclude’
    search.desc: no visible global function definition for ‘pf’
    triangle.pair.test: no visible global function definition for ‘pbinom’
    triangle.pair.test: no visible global function definition for ‘dbinom’
    triangle.test: no visible global function definition for ‘pbinom’
    triangle.test: no visible global function definition for ‘dbinom’
    Undefined global functions or variables:
     abline aov arrows as.dendrogram as.formula as.hclust axis barplot
     boxplot cmdscale combn contour cor cor.test dbinom density dev.new
     dist dnorm grey hist hsv image kmeans layout legend lines lm median
     na.exclude na.omit par pbinom pf plot plot.new pnorm points predict
     qchisq qnorm quantile rainbow rect rnorm sd strwidth summary.lm terms
     terrain.colors text title var variable.names write.csv2
    Consider adding
     importFrom("grDevices", "dev.new", "grey", "hsv", "rainbow",
     "terrain.colors")
     importFrom("graphics", "abline", "arrows", "axis", "barplot",
     "boxplot", "contour", "hist", "image", "layout", "legend",
     "lines", "par", "plot", "plot.new", "points", "rect",
     "strwidth", "text", "title")
     importFrom("stats", "aov", "as.dendrogram", "as.formula", "as.hclust",
     "cmdscale", "cor", "cor.test", "dbinom", "density", "dist",
     "dnorm", "kmeans", "lm", "median", "na.exclude", "na.omit",
     "pbinom", "pf", "pnorm", "predict", "qchisq", "qnorm",
     "quantile", "rnorm", "sd", "summary.lm", "terms", "var",
     "variable.names")
     importFrom("utils", "combn", "write.csv2")
    to your NAMESPACE.
Flavors: r-devel-linux-x86_64-debian-gcc, r-devel-linux-x86_64-fedora-clang, r-devel-linux-x86_64-fedora-gcc, r-devel-windows-ix86+x86_64