Last updated on 2015-12-29 00:47:00.
Flavor | Version | Tinstall | Tcheck | Ttotal | Status | Flags |
---|---|---|---|---|---|---|
r-devel-linux-x86_64-debian-gcc | 0.4.8.5 | 5.98 | 68.81 | 74.79 | OK | |
r-devel-linux-x86_64-fedora-clang | 0.4.8.5 | 152.56 | OK | |||
r-devel-linux-x86_64-fedora-gcc | 0.4.8.5 | 146.06 | OK | |||
r-devel-windows-ix86+x86_64 | 0.4.8.5 | 18.00 | 144.00 | 162.00 | OK | |
r-patched-linux-x86_64 | 0.4.8.5 | 6.61 | 76.71 | 83.32 | OK | |
r-release-linux-x86_64 | 0.4.8.5 | 6.42 | 75.86 | 82.27 | OK | |
r-release-osx-x86_64-mavericks | 0.4.8.5 | ERROR | ||||
r-release-windows-ix86+x86_64 | 0.4.8.5 | 23.00 | 152.00 | 175.00 | OK | |
r-oldrel-windows-ix86+x86_64 | 0.4.8.5 | 32.00 | 151.00 | 183.00 | OK |
Version: 0.4.8.5
Check: package dependencies
Result: ERROR
Package required but not available: ‘rggobi’
See section ‘The DESCRIPTION file’ in the ‘Writing R Extensions’
manual.
Flavor: r-release-osx-x86_64-mavericks