CRAN Package Check Results for Package SpatialEpi

Last updated on 2015-12-29 00:47:02.

Flavor Version Tinstall Tcheck Ttotal Status Flags
r-devel-linux-x86_64-debian-gcc 1.2.1 15.58 42.40 57.98 NOTE
r-devel-linux-x86_64-fedora-clang 1.2.1 124.11 NOTE
r-devel-linux-x86_64-fedora-gcc 1.2.1 118.33 NOTE
r-devel-osx-x86_64-clang 1.2.1 122.27 NOTE
r-devel-windows-ix86+x86_64 1.2.1 52.00 107.00 159.00 NOTE
r-patched-linux-x86_64 1.2.1 16.18 45.43 61.62 NOTE
r-patched-solaris-sparc 1.2.1 717.00 NOTE
r-patched-solaris-x86 1.2.1 154.90 NOTE
r-release-linux-x86_64 1.2.1 16.03 44.86 60.88 NOTE
r-release-osx-x86_64-mavericks 1.2.1 NOTE
r-release-windows-ix86+x86_64 1.2.1 63.00 142.00 205.00 NOTE
r-oldrel-windows-ix86+x86_64 1.2.1 76.00 179.00 255.00 OK

Check Details

Version: 1.2.1
Check: DESCRIPTION meta-information
Result: NOTE
    Malformed Description field: should contain one or more complete sentences.
Flavors: r-devel-linux-x86_64-debian-gcc, r-devel-linux-x86_64-fedora-clang, r-devel-linux-x86_64-fedora-gcc, r-devel-osx-x86_64-clang, r-devel-windows-ix86+x86_64, r-patched-linux-x86_64, r-patched-solaris-sparc, r-patched-solaris-x86, r-release-linux-x86_64, r-release-osx-x86_64-mavericks, r-release-windows-ix86+x86_64

Version: 1.2.1
Check: R code for possible problems
Result: NOTE
    EBpostdens: no visible global function definition for ‘dgamma’
    EBpostdens: no visible global function definition for ‘title’
    EBpostdens: no visible global function definition for ‘lines’
    EBpostthresh: no visible global function definition for ‘pgamma’
    GammaPriorCh: no visible global function definition for ‘qt’
    LogNormalPriorCh: no visible global function definition for ‘qnorm’
    bayes_cluster: no visible global function definition for ‘dgamma’
    circle: no visible global function definition for ‘dist’
    eBayes: no visible global function definition for ‘qgamma’
    estimate_lambda: no visible global function definition for ‘var’
    grid2latlong: no visible global function definition for ‘is’
    kulldorff: no visible global function definition for ‘rmultinom’
    kulldorff: no visible global function definition for ‘hist’
    kulldorff: no visible global function definition for ‘abline’
    kulldorff: no visible global function definition for ‘legend’
    latlong2grid: no visible global function definition for ‘is’
    mapvariable: no visible global function definition for ‘palette’
    mapvariable: no visible global function definition for ‘gray’
    mapvariable: no visible global function definition for ‘par’
    mapvariable: no visible global function definition for ‘layout’
    mapvariable: no visible global function definition for ‘title’
    mapvariable: no visible global function definition for ‘axis’
    mapvariable: no visible global function definition for ‘rect’
    plotmap: no visible global function definition for ‘grey’
    process_MCMC_sample: no visible global function definition for ‘pgamma’
    Undefined global functions or variables:
     abline axis dgamma dist gray grey hist is layout legend lines palette
     par pgamma qgamma qnorm qt rect rmultinom title var
    Consider adding
     importFrom("grDevices", "gray", "grey", "palette")
     importFrom("graphics", "abline", "axis", "hist", "layout", "legend",
     "lines", "par", "rect", "title")
     importFrom("methods", "is")
     importFrom("stats", "dgamma", "dist", "pgamma", "qgamma", "qnorm",
     "qt", "rmultinom", "var")
    to your NAMESPACE (and ensure that your DESCRIPTION Imports field
    contains 'methods').
Flavors: r-devel-linux-x86_64-debian-gcc, r-devel-linux-x86_64-fedora-clang, r-devel-linux-x86_64-fedora-gcc, r-devel-windows-ix86+x86_64