CRAN Package Check Results for Package TR8

Last updated on 2015-12-29 00:47:06.

Flavor Version Tinstall Tcheck Ttotal Status Flags
r-devel-linux-x86_64-debian-gcc 0.9.13 3.41 46.60 50.01 NOTE
r-devel-linux-x86_64-fedora-clang 0.9.13 105.71 NOTE
r-devel-linux-x86_64-fedora-gcc 0.9.13 99.63 NOTE
r-devel-osx-x86_64-clang 0.9.13 112.76 OK
r-devel-windows-ix86+x86_64 0.9.13 11.00 83.00 94.00 NOTE
r-patched-linux-x86_64 0.9.13 4.12 48.64 52.76 OK
r-patched-solaris-sparc 0.9.13 624.40 OK
r-patched-solaris-x86 0.9.13 149.20 OK
r-release-linux-x86_64 0.9.13 3.67 48.41 52.08 OK
r-release-osx-x86_64-mavericks 0.9.13 OK
r-release-windows-ix86+x86_64 0.9.13 15.00 84.00 99.00 OK
r-oldrel-windows-ix86+x86_64 0.9.13 32.00 134.00 166.00 OK

Check Details

Version: 0.9.13
Check: R code for possible problems
Result: NOTE
    available_traits: no visible global function definition for ‘data’
    biolflor: no visible global function definition for ‘data’
    column_conversion: no visible global function definition for ‘data’
    ecoflora: no visible global function definition for ‘data’
    leda: no visible global function definition for ‘data’
    leda_download: no visible global function definition for ‘read.csv’
    leda_download_to_local_directory: no visible global function definition
     for ‘data’
    local_storage: no visible global function definition for ‘read.csv’
    local_storage: no visible global function definition for ‘read.delim’
    tr8: no visible global function definition for ‘data’
    tr8_config: no visible global function definition for ‘data’
    bib,Tr8: no visible global function definition for ‘data’
    get_traits,ellenberg_pignatti: no visible global function definition
     for ‘data’
    retrieve,Ecoflora: no visible global function definition for
     ‘aggregate’
    Undefined global functions or variables:
     aggregate data read.csv read.delim
    Consider adding
     importFrom("stats", "aggregate")
     importFrom("utils", "data", "read.csv", "read.delim")
    to your NAMESPACE.
Flavors: r-devel-linux-x86_64-debian-gcc, r-devel-linux-x86_64-fedora-clang, r-devel-linux-x86_64-fedora-gcc, r-devel-windows-ix86+x86_64