CRAN Package Check Results for Package TRSbook

Last updated on 2015-12-29 00:47:06.

Flavor Version Tinstall Tcheck Ttotal Status Flags
r-devel-linux-x86_64-debian-gcc 1.0.1 1.38 13.45 14.84 NOTE
r-devel-linux-x86_64-fedora-clang 1.0.1 31.28 NOTE
r-devel-linux-x86_64-fedora-gcc 1.0.1 29.16 NOTE
r-devel-osx-x86_64-clang 1.0.1 32.94 NOTE
r-devel-windows-ix86+x86_64 1.0.1 7.00 48.00 55.00 NOTE
r-patched-linux-x86_64 1.0.1 1.37 14.87 16.24 NOTE
r-patched-solaris-sparc 1.0.1 160.90 NOTE
r-patched-solaris-x86 1.0.1 38.10 NOTE
r-release-linux-x86_64 1.0.1 1.38 14.43 15.81 NOTE
r-release-osx-x86_64-mavericks 1.0.1 OK
r-release-windows-ix86+x86_64 1.0.1 11.00 36.00 47.00 OK
r-oldrel-windows-ix86+x86_64 1.0.1 13.00 45.00 58.00 OK

Check Details

Version: 1.0.1
Check: S3 generic/method consistency
Result: NOTE
    Found the following apparent S3 methods exported but not registered:
     Ops.VectorAddr print.VectorAddr update.VectorAddr
    See section ‘Registering S3 methods’ in the ‘Writing R Extensions’
    manual.
Flavors: r-devel-linux-x86_64-debian-gcc, r-devel-linux-x86_64-fedora-clang, r-devel-linux-x86_64-fedora-gcc, r-devel-osx-x86_64-clang, r-patched-linux-x86_64, r-patched-solaris-sparc, r-patched-solaris-x86, r-release-linux-x86_64

Version: 1.0.1
Check: R code for possible problems
Result: NOTE
    arrowaxis: no visible global function definition for ‘par’
    arrowaxis: no visible global function definition for ‘arrows’
    barchart: no visible global function definition for ‘par’
    barchart: no visible global function definition for ‘plot.new’
    barchart: no visible global function definition for ‘plot.window’
    barchart: no visible global function definition for ‘polygon’
    barchart: no visible global function definition for ‘rgb’
    barchart: no visible global function definition for ‘abline’
    barchart: no visible global function definition for ‘barplot’
    barchart: no visible global function definition for ‘axis’
    barchart: no visible global function definition for ‘points’
    barchart: no visible global function definition for ‘title’
    barchart: no visible global function definition for ‘arrows’
    barchart: no visible global function definition for ‘text’
    camembert: no visible global function definition for ‘par’
    camembert: no visible global function definition for ‘plot.new’
    camembert: no visible global function definition for ‘plot.window’
    camembert: no visible global function definition for ‘abline’
    camembert: no visible global function definition for ‘pie’
    camembert: no visible global function definition for ‘title’
    camembert: no visible global function definition for ‘box’
    camembert: no visible global function definition for ‘polygon’
    camembert: no visible global function definition for ‘rgb’
    cor0.test: no visible global function definition for ‘cor’
    cor0.test: no visible global function definition for ‘pnorm’
    crosschart: no visible global function definition for ‘plot’
    crosschart: no visible global function definition for ‘title’
    crosschart: no visible global function definition for ‘axis’
    flashy.plot: no visible global function definition for ‘par’
    flashy.plot: no visible global function definition for ‘plot.new’
    flashy.plot: no visible global function definition for ‘plot.window’
    flashy.plot: no visible global function definition for ‘text’
    flashy.plot: no visible global function definition for ‘axis’
    flashy.plot: no visible global function definition for ‘polygon’
    flashy.plot: no visible global function definition for ‘rgb’
    flashy.plot: no visible global function definition for ‘segments’
    flashy.plot: no visible global function definition for ‘points’
    flashy.plot: no visible global function definition for ‘abline’
    flashy.plot: no visible global function definition for ‘lsfit’
    flashy.plot: no visible global function definition for ‘title’
    flashy.plot: no visible global function definition for ‘legend’
    sigma2.test: no visible global function definition for ‘sd’
    sigma2.test: no visible global function definition for ‘pchisq’
    sigma2.test: no visible global function definition for ‘qchisq’
    twosample.cor.test: no visible global function definition for ‘cor’
    twosample.cor.test: no visible global function definition for ‘pnorm’
    Undefined global functions or variables:
     abline arrows axis barplot box cor legend lsfit par pchisq pie plot
     plot.new plot.window pnorm points polygon qchisq rgb sd segments text
     title
    Consider adding
     importFrom("grDevices", "rgb")
     importFrom("graphics", "abline", "arrows", "axis", "barplot", "box",
     "legend", "par", "pie", "plot", "plot.new", "plot.window",
     "points", "polygon", "segments", "text", "title")
     importFrom("stats", "cor", "lsfit", "pchisq", "pnorm", "qchisq", "sd")
    to your NAMESPACE.
Flavors: r-devel-linux-x86_64-debian-gcc, r-devel-linux-x86_64-fedora-clang, r-devel-linux-x86_64-fedora-gcc, r-devel-windows-ix86+x86_64