Last updated on 2015-12-29 00:47:06.
Flavor | Version | Tinstall | Tcheck | Ttotal | Status | Flags |
---|---|---|---|---|---|---|
r-devel-linux-x86_64-debian-gcc | 1.8-11 | 7.25 | 113.84 | 121.09 | OK | |
r-devel-linux-x86_64-fedora-clang | 1.8-11 | 238.42 | OK | |||
r-devel-linux-x86_64-fedora-gcc | 1.8-11 | 221.75 | OK | |||
r-devel-osx-x86_64-clang | 1.8-11 | 280.30 | OK | |||
r-devel-windows-ix86+x86_64 | 1.8-11 | 39.00 | 226.00 | 265.00 | OK | |
r-patched-linux-x86_64 | 1.8-11 | 7.09 | 119.12 | 126.21 | OK | |
r-patched-solaris-sparc | 1.8-11 | 1693.60 | OK | |||
r-patched-solaris-x86 | 1.8-11 | 323.00 | OK | |||
r-release-linux-x86_64 | 1.8-11 | 7.30 | 116.45 | 123.74 | OK | |
r-release-osx-x86_64-mavericks | 1.8-11 | NOTE | ||||
r-release-windows-ix86+x86_64 | 1.8-11 | 50.00 | 275.00 | 325.00 | OK | |
r-oldrel-windows-ix86+x86_64 | 1.8-11 | 58.00 | 359.00 | 417.00 | OK |
Version: 1.8-11
Check: re-building of vignette outputs
Result: NOTE
Error in re-building vignettes:
...
Error in texi2dvi(file = file, pdf = TRUE, clean = clean, quiet = quiet, :
Running 'texi2dvi' on 'TraMineR-state-sequence.tex' failed.
LaTeX errors:
! Undefined control sequence.
l.15 x<c2><9c>í\Ï
k^^[×^^V>^^]÷áêE<c2><99>ñÅ}&ÏA<c2><96>28´`#»^^Hº(¸rÀÝt<c2><91><c2><9d>ÿ<c2><85>nJ¡Yµ<c2><9b><c2><96>.^^J
The control sequence at the end of the top line
of your error message was never \def'ed. If you have
! LaTeX Error: Missing \begin{document}.
See the LaTeX manual or LaTeX Companion for explanation.
Type H <return> for immediate help.
...
! Missing $ inserted.
<inserted text>
$
l.18 ...l4^^Z<c2><89>DBJùÝwßÝ¿^^?_^^H<c2><81>.¼-<c2><96>eMNNîXVrr2pÝ×<c2><88>^
O$î<c2><99>æa^^Táú©óo³{<c2><81>ë^^RÑ^^[B...
! Please use \mathaccent for accents in math mode.
\add@accent ...@spacefactor \spacefactor }\accent
#1 #2\egroup \spacefactor ...
l.23 ^^G^^G^^GRÊ<c2><9b>7oÎÌÌ^^X<c2><86>qæÌ<c2><99>z½n^^X^^F|ù<c2><95><c2><95><c2><95>\.w
Calls: buildVignettes -> texi2pdf -> texi2dvi
Execution halted
Flavor: r-release-osx-x86_64-mavericks