CRAN Package Check Results for Package VBmix

Last updated on 2015-12-29 00:47:06.

Flavor Version Tinstall Tcheck Ttotal Status Flags
r-devel-linux-x86_64-debian-gcc 0.3.1 8.16 19.60 27.76 OK
r-devel-linux-x86_64-fedora-clang 0.3.1 51.77 OK
r-devel-linux-x86_64-fedora-gcc 0.3.1 51.70 OK
r-patched-linux-x86_64 0.3.1 8.31 20.98 29.30 OK
r-release-linux-x86_64 0.3.1 8.42 20.22 28.64 OK
r-release-osx-x86_64-mavericks 0.3.1 NOTE

Check Details

Version: 0.3.1
Check: installed package size
Result: NOTE
     installed size is 5.4Mb
     sub-directories of 1Mb or more:
     data 1.5Mb
     libs 2.8Mb
Flavor: r-release-osx-x86_64-mavericks