CRAN Package Check Results for Package WRS2

Last updated on 2015-12-29 00:47:07.

Flavor Version Tinstall Tcheck Ttotal Status Flags
r-devel-linux-x86_64-debian-gcc 0.4-0 4.72 52.02 56.75 OK
r-devel-linux-x86_64-fedora-clang 0.4-0 118.06 OK
r-devel-linux-x86_64-fedora-gcc 0.4-0 110.98 OK
r-devel-osx-x86_64-clang 0.4-0 119.05 OK
r-devel-windows-ix86+x86_64 0.4-0 12.00 78.00 90.00 OK
r-patched-linux-x86_64 0.4-0 5.02 54.10 59.12 OK
r-patched-solaris-sparc 0.4-0 769.50 OK
r-patched-solaris-x86 0.4-0 133.30 OK
r-release-linux-x86_64 0.4-0 5.00 54.78 59.78 OK
r-release-osx-x86_64-mavericks 0.4-0 NOTE
r-release-windows-ix86+x86_64 0.4-0 14.00 110.00 124.00 OK
r-oldrel-windows-ix86+x86_64 0.4-0 19.00 129.00 148.00 NOTE

Check Details

Version: 0.4-0
Check: re-building of vignette outputs
Result: NOTE
    Error in re-building vignettes:
     ...
    Loading required package: ez
    Warning: Converting "id" to factor for ANOVA.
    Error in texi2dvi(file = file, pdf = TRUE, clean = clean, quiet = quiet, :
     Running 'texi2dvi' on 'WRS2.tex' failed.
    LaTeX errors:
    ! Undefined control sequence.
    l.15 x<9c><ed>\<cf>
     o^^S<c9>^^R<ae>^^]<83><96><91><82>'<ad>HK6(<b1><d5><d2>^^J
    The control sequence at the end of the top line
    of your error message was never \def'ed. If you have
    ! Undefined control sequence.
    l.17 "<cf><f3>\<d7>
     <cd>T<e6>C^^Y^^L<f5>^^N-C^^N-C<ae>^6<b4><f4><96>{<f7><ee> !\<d7>M<92><e4><d5><ab>W^^@^^U<df><f7><b7><b6><b6><be><ff><fe>{)e<9f><fd><dc><be>}^^[<ab>...
    The control sequence at the end of the top line
    of your error message was never \def'ed. If you have
    ! Undefined control sequence.
    l.17 "<cf><f3>\<d7><cd>T<e6>C^^Y^^L<f5>^^N-C^^N-C<ae>^6<b4><f4><96>{<f7><ee> !\<d7>
     M<92><e4><d5><ab>W^^@^^U<df><f7><b7><b6><b6><be><ff><fe>{)e<9f><fd><dc><be>}^^[<ab>...
    The control sequence at the end of the top line
    of your error message was never \def'ed. If you have
    ! Undefined control sequence.
    l.18 <b5>Zmzz:I<92>8<8e><b9>-<9a><cf><cd><cd>q<ff>\<82>
    
    Calls: buildVignettes -> texi2pdf -> texi2dvi
    Execution halted
Flavor: r-release-osx-x86_64-mavericks

Version: 0.4-0
Check: DESCRIPTION meta-information
Result: NOTE
    Authors@R field gives persons with no valid roles:
     Felix Schoenbrodt <felix@nicebread.de> [ctr]
Flavor: r-oldrel-windows-ix86+x86_64