Last updated on 2015-12-29 00:47:07.
Flavor | Version | Tinstall | Tcheck | Ttotal | Status | Flags |
---|---|---|---|---|---|---|
r-devel-linux-x86_64-debian-gcc | 3.98-1.3 | 7.55 | 44.60 | 52.14 | NOTE | |
r-devel-linux-x86_64-fedora-clang | 3.98-1.3 | 88.81 | NOTE | |||
r-devel-linux-x86_64-fedora-gcc | 3.98-1.3 | 84.54 | NOTE | |||
r-devel-osx-x86_64-clang | 3.98-1.3 | 115.15 | NOTE | |||
r-devel-windows-ix86+x86_64 | 3.98-1.3 | 53.00 | 106.00 | 159.00 | NOTE | |
r-patched-linux-x86_64 | 3.98-1.3 | 8.09 | 48.88 | 56.96 | NOTE | |
r-patched-solaris-sparc | 3.98-1.3 | 561.90 | WARN | |||
r-patched-solaris-x86 | 3.98-1.3 | 107.30 | WARN | |||
r-release-linux-x86_64 | 3.98-1.3 | 7.93 | 48.96 | 56.89 | NOTE | |
r-release-osx-x86_64-mavericks | 3.98-1.3 | NOTE | ||||
r-release-windows-ix86+x86_64 | 3.98-1.3 | 36.00 | 106.00 | 142.00 | NOTE | |
r-oldrel-windows-ix86+x86_64 | 3.98-1.3 | 37.00 | 114.00 | 151.00 | NOTE |
Version: 3.98-1.3
Check: installed package size
Result: NOTE
installed size is 7.5Mb
sub-directories of 1Mb or more:
exampleData 1.6Mb
examples 4.6Mb
Flavors: r-devel-linux-x86_64-debian-gcc, r-devel-linux-x86_64-fedora-clang, r-devel-linux-x86_64-fedora-gcc, r-devel-osx-x86_64-clang, r-devel-windows-ix86+x86_64, r-patched-linux-x86_64, r-patched-solaris-sparc, r-patched-solaris-x86, r-release-linux-x86_64, r-release-osx-x86_64-mavericks, r-release-windows-ix86+x86_64, r-oldrel-windows-ix86+x86_64
Version: 3.98-1.3
Check: top-level files
Result: NOTE
Non-standard files/directories found at top level:
‘Bug.R’ ‘Bugs.html’ ‘Check’ ‘CodeDetails’ ‘DESCRIPTION.in’ ‘Docs’
‘FAQ.html’ ‘FIXME_NOW’ ‘GNUmakefile’ ‘GNUmakefile.admin’
‘Makevars.in’ ‘MemoryBug.R’ ‘NAMESPACE.in’ ‘NodeFuns’ ‘Notes’
‘QuestionSolutions’ ‘README.windows’ ‘Rsamples’ ‘TAGS’
‘Todo-orig.html’ ‘Todo.xml’ ‘VersionInfo’ ‘addFinalizer’ ‘checkLinks’
‘dotCalls’ ‘expat’ ‘index.html’ ‘index.html.in’ ‘libxml’
‘libxml2.9.R’ ‘scrapingData.xml’ ‘testRemoveFinalizers.R’
‘testRemoveFinalizers.c’ ‘xpathPointer.xml’
Flavors: r-devel-linux-x86_64-debian-gcc, r-devel-linux-x86_64-fedora-clang, r-devel-linux-x86_64-fedora-gcc, r-patched-linux-x86_64, r-release-linux-x86_64
Version: 3.98-1.3
Check: R code for possible problems
Result: NOTE
[[,XMLCodeFile: warning in eval(parse(text = xmlValue(n[[1]])), env =
env): partial argument match of ‘env’ to ‘envir’
newXMLDoc: no visible binding for global variable ‘doc’
xmlFlatListTree : f: no visible binding for global variable ‘nodeNames’
xmlFlatListTree : f: no visible binding for global variable ‘idx’
xmlFlatListTree : addNode: no visible binding for '<<-' assignment to
‘nodeSet’
xmlFlatListTree : addNode: no visible binding for global variable
‘nodeSet’
xmlFlatListTree : addNode: no visible binding for global variable ‘idx’
xmlFlatListTree : addNode: no visible binding for '<<-' assignment to
‘nodeNames’
xmlFlatListTree : addNode: no visible binding for global variable
‘nodeNames’
xmlFlatListTree : addNode: no visible binding for '<<-' assignment to
‘idx’
xmlFlatListTree : addNode: no visible binding for '<<-' assignment to
‘parentCount’
xmlFlatListTree : addNode: no visible binding for global variable
‘parentCount’
xmlFlatListTree : <anonymous>: no visible binding for global variable
‘e’
xmlFlatTree : <anonymous>: no visible binding for global variable ‘e’
[[,XMLCodeFile: possible error in updateIds(doc, save = x): unused
argument (save = x)
Undefined global functions or variables:
doc e idx nodeNames nodeSet parentCount
Flavors: r-devel-linux-x86_64-debian-gcc, r-devel-linux-x86_64-fedora-clang, r-devel-linux-x86_64-fedora-gcc, r-devel-osx-x86_64-clang, r-devel-windows-ix86+x86_64
Version: 3.98-1.3
Check: Rd line widths
Result: NOTE
Rd file 'makeClassTemplate.Rd':
\examples lines wider than 100 characters:
"<doc><part><name>ABC</name><type>XYZ</type><cost>3.54</cost><status>available</status></part></doc>"
Rd file 'xmlClone.Rd':
\examples lines wider than 100 characters:
xmlParse('<doc><author id="dtl"><firstname>Duncan</firstname><surname>Temple Lang</surname></author></doc>')
Rd file 'xmlToS4.Rd':
\examples lines wider than 100 characters:
"<doc><part><name>ABC</name><type>XYZ</type><cost>3.54</cost><status>available</status></part></doc>"
These lines will be truncated in the PDF manual.
Flavors: r-devel-linux-x86_64-debian-gcc, r-devel-linux-x86_64-fedora-clang, r-devel-linux-x86_64-fedora-gcc, r-patched-linux-x86_64, r-release-linux-x86_64
Version: 3.98-1.3
Check: compiled code
Result: NOTE
File ‘XML/libs/XML.so’:
Found ‘stderr’, possibly from ‘stderr’ (C)
Object: ‘DocParse.o’
Compiled code should not call entry points which might terminate R nor
write to stdout/stderr instead of to the console, nor the system RNG.
See ‘Writing portable packages’ in the ‘Writing R Extensions’ manual.
Flavors: r-devel-linux-x86_64-debian-gcc, r-patched-linux-x86_64, r-release-linux-x86_64
Version: 3.98-1.3
Check: R code for possible problems
Result: NOTE
[[,XMLCodeFile : .local: warning in eval(parse(text =
xmlValue(n[[1]])), env = env): partial argument match of ‘env’ to
‘envir’
newXMLDoc: no visible binding for global variable ‘doc’
xmlFlatListTree : f: no visible binding for global variable ‘nodeNames’
xmlFlatListTree : f: no visible binding for global variable ‘idx’
xmlFlatListTree : addNode: no visible binding for '<<-' assignment to
‘nodeSet’
xmlFlatListTree : addNode: no visible binding for global variable
‘nodeSet’
xmlFlatListTree : addNode: no visible binding for global variable ‘idx’
xmlFlatListTree : addNode: no visible binding for '<<-' assignment to
‘nodeNames’
xmlFlatListTree : addNode: no visible binding for global variable
‘nodeNames’
xmlFlatListTree : addNode: no visible binding for '<<-' assignment to
‘idx’
xmlFlatListTree : addNode: no visible binding for '<<-' assignment to
‘parentCount’
xmlFlatListTree : addNode: no visible binding for global variable
‘parentCount’
xmlFlatListTree : <anonymous>: no visible binding for global variable
‘e’
xmlFlatTree : <anonymous>: no visible binding for global variable ‘e’
[[,XMLCodeFile : .local: possible error in updateIds(doc, save = x):
unused argument (save = x)
Flavors: r-patched-linux-x86_64, r-patched-solaris-sparc, r-patched-solaris-x86, r-release-linux-x86_64, r-release-windows-ix86+x86_64
Version: 3.98-1.3
Check: whether package can be installed
Result: WARN
Found the following significant warnings:
"NodeGC.c", line 385: warning: improper pointer/integer combination: op "=="
Flavors: r-patched-solaris-sparc, r-patched-solaris-x86
Version: 3.98-1.3
Check: R code for possible problems
Result: NOTE
newXMLDoc: no visible binding for global variable ‘doc’
xmlFlatListTree : f: no visible binding for global variable ‘nodeNames’
xmlFlatListTree : f: no visible binding for global variable ‘idx’
xmlFlatListTree : addNode: no visible binding for '<<-' assignment to
‘nodeSet’
xmlFlatListTree : addNode: no visible binding for global variable
‘nodeSet’
xmlFlatListTree : addNode: no visible binding for global variable ‘idx’
xmlFlatListTree : addNode: no visible binding for '<<-' assignment to
‘nodeNames’
xmlFlatListTree : addNode: no visible binding for global variable
‘nodeNames’
xmlFlatListTree : addNode: no visible binding for '<<-' assignment to
‘idx’
xmlFlatListTree : addNode: no visible binding for '<<-' assignment to
‘parentCount’
xmlFlatListTree : addNode: no visible binding for global variable
‘parentCount’
xmlFlatListTree : <anonymous>: no visible binding for global variable
‘e’
xmlFlatTree : <anonymous>: no visible binding for global variable ‘e’
Flavors: r-release-osx-x86_64-mavericks, r-oldrel-windows-ix86+x86_64