CRAN Package Check Results for Package Xmisc

Last updated on 2015-12-29 00:47:07.

Flavor Version Tinstall Tcheck Ttotal Status Flags
r-devel-linux-x86_64-debian-gcc 0.2.1 1.36 19.82 21.18 NOTE
r-devel-linux-x86_64-fedora-clang 0.2.1 41.30 NOTE
r-devel-linux-x86_64-fedora-gcc 0.2.1 38.94 NOTE
r-devel-osx-x86_64-clang 0.2.1 51.37 NOTE
r-devel-windows-ix86+x86_64 0.2.1 4.00 38.00 42.00 NOTE
r-patched-linux-x86_64 0.2.1 1.35 21.02 22.37 NOTE
r-patched-solaris-sparc 0.2.1 258.40 NOTE
r-patched-solaris-x86 0.2.1 53.10 NOTE
r-release-linux-x86_64 0.2.1 2.08 20.12 22.20 NOTE
r-release-osx-x86_64-mavericks 0.2.1 NOTE
r-release-windows-ix86+x86_64 0.2.1 7.00 57.00 64.00 NOTE
r-oldrel-windows-ix86+x86_64 0.2.1 6.00 54.00 60.00 NOTE

Check Details

Version: 0.2.1
Check: R code for possible problems
Result: NOTE
    R5.value.default: no visible binding for global variable ‘data.table’
    R5.value.default: no visible global function definition for
     ‘as.data.table’
    R5.value.parse: no visible binding for global variable ‘data.table’
    R5.value.parse: no visible global function definition for
     ‘is.data.table’
    R5.value.parse: no visible global function definition for
     ‘as.data.table’
    stampme: no visible global function definition for ‘flush.console’
    stampmsg: no visible global function definition for ‘flush.console’
    write.data.table: no visible global function definition for
     ‘write.table’
    Undefined global functions or variables:
     as.data.table data.table flush.console is.data.table write.table
    Consider adding
     importFrom("utils", "flush.console", "write.table")
    to your NAMESPACE.
Flavors: r-devel-linux-x86_64-debian-gcc, r-devel-linux-x86_64-fedora-clang, r-devel-linux-x86_64-fedora-gcc, r-devel-windows-ix86+x86_64

Version: 0.2.1
Check: R code for possible problems
Result: NOTE
    R5.value.default: no visible binding for global variable ‘data.table’
    R5.value.default: no visible global function definition for
     ‘as.data.table’
    R5.value.parse: no visible binding for global variable ‘data.table’
    R5.value.parse: no visible global function definition for
     ‘is.data.table’
    R5.value.parse: no visible global function definition for
     ‘as.data.table’
    Undefined global functions or variables:
     as.data.table data.table is.data.table
Flavor: r-devel-osx-x86_64-clang

Version: 0.2.1
Check: R code for possible problems
Result: NOTE
    R5.value.default: no visible binding for global variable ‘data.table’
    R5.value.default: no visible global function definition for
     ‘as.data.table’
    R5.value.parse: no visible binding for global variable ‘data.table’
    R5.value.parse: no visible global function definition for
     ‘is.data.table’
    R5.value.parse: no visible global function definition for
     ‘as.data.table’
Flavors: r-patched-linux-x86_64, r-patched-solaris-sparc, r-patched-solaris-x86, r-release-linux-x86_64, r-release-osx-x86_64-mavericks, r-release-windows-ix86+x86_64, r-oldrel-windows-ix86+x86_64