Last updated on 2015-12-29 00:46:26.
Flavor | Version | Tinstall | Tcheck | Ttotal | Status | Flags |
---|---|---|---|---|---|---|
r-devel-linux-x86_64-debian-gcc | 2015.3-1 | 0.54 | 9.83 | 10.36 | NOTE | |
r-devel-linux-x86_64-fedora-clang | 2015.3-1 | 20.17 | NOTE | |||
r-devel-linux-x86_64-fedora-gcc | 2015.3-1 | 18.88 | NOTE | |||
r-devel-osx-x86_64-clang | 2015.3-1 | 24.32 | OK | |||
r-devel-windows-ix86+x86_64 | 2015.3-1 | 4.00 | 23.00 | 27.00 | NOTE | |
r-patched-linux-x86_64 | 2015.3-1 | 0.61 | 10.48 | 11.09 | OK | |
r-patched-solaris-sparc | 2015.3-1 | 128.10 | OK | |||
r-patched-solaris-x86 | 2015.3-1 | 27.30 | OK | |||
r-release-linux-x86_64 | 2015.3-1 | 0.54 | 10.67 | 11.21 | OK | |
r-release-osx-x86_64-mavericks | 2015.3-1 | OK | ||||
r-release-windows-ix86+x86_64 | 2015.3-1 | 3.00 | 20.00 | 23.00 | OK | |
r-oldrel-windows-ix86+x86_64 | 2015.3-1 | 3.00 | 21.00 | 24.00 | OK |
Version: 2015.3-1
Check: R code for possible problems
Result: NOTE
adpbar: no visible global function definition for ‘optim’
alabama: no visible global function definition for ‘optim’
auglag: no visible global function definition for ‘modifyList’
auglag1: no visible global function definition for ‘optim’
auglag1: no visible global function definition for ‘nlminb’
auglag2: no visible global function definition for ‘optim’
auglag2: no visible global function definition for ‘nlminb’
auglag3: no visible global function definition for ‘optim’
auglag3: no visible global function definition for ‘nlminb’
augpen: no visible global function definition for ‘optim’
constrOptim.nl: no visible global function definition for ‘modifyList’
Undefined global functions or variables:
modifyList nlminb optim
Consider adding
importFrom("stats", "nlminb", "optim")
importFrom("utils", "modifyList")
to your NAMESPACE.
Flavors: r-devel-linux-x86_64-debian-gcc, r-devel-linux-x86_64-fedora-clang, r-devel-linux-x86_64-fedora-gcc, r-devel-windows-ix86+x86_64