Last updated on 2015-12-29 00:46:26.
Flavor | Version | Tinstall | Tcheck | Ttotal | Status | Flags |
---|---|---|---|---|---|---|
r-devel-linux-x86_64-debian-gcc | 1.1.0 | 3.75 | 34.61 | 38.36 | NOTE | |
r-devel-linux-x86_64-fedora-clang | 1.1.0 | 76.30 | NOTE | |||
r-devel-linux-x86_64-fedora-gcc | 1.1.0 | 72.19 | NOTE | |||
r-devel-osx-x86_64-clang | 1.1.0 | 80.13 | OK | |||
r-devel-windows-ix86+x86_64 | 1.1.0 | 8.00 | 59.00 | 67.00 | NOTE | |
r-patched-linux-x86_64 | 1.1.0 | 3.21 | 34.90 | 38.11 | OK | |
r-patched-solaris-sparc | 1.1.0 | 471.30 | OK | |||
r-patched-solaris-x86 | 1.1.0 | 105.60 | OK | |||
r-release-linux-x86_64 | 1.1.0 | 3.23 | 35.11 | 38.34 | OK | |
r-release-osx-x86_64-mavericks | 1.1.0 | OK | ||||
r-release-windows-ix86+x86_64 | 1.1.0 | 12.00 | 65.00 | 77.00 | OK | |
r-oldrel-windows-ix86+x86_64 | 1.1.0 | 16.00 | 83.00 | 99.00 | OK |
Version: 1.1.0
Check: R code for possible problems
Result: NOTE
aout.conttab: no visible global function definition for ‘poisson’
aout.conttab: no visible global function definition for ‘medpolish’
Undefined global functions or variables:
medpolish poisson
Consider adding
importFrom("stats", "medpolish", "poisson")
to your NAMESPACE.
Flavors: r-devel-linux-x86_64-debian-gcc, r-devel-linux-x86_64-fedora-clang, r-devel-linux-x86_64-fedora-gcc, r-devel-windows-ix86+x86_64