Last updated on 2015-12-29 00:46:26.
Flavor | Version | Tinstall | Tcheck | Ttotal | Status | Flags |
---|---|---|---|---|---|---|
r-devel-linux-x86_64-debian-gcc | 1.3 | 2.75 | 37.34 | 40.08 | WARN | |
r-devel-linux-x86_64-fedora-clang | 1.3 | 83.25 | WARN | |||
r-devel-linux-x86_64-fedora-gcc | 1.3 | 78.53 | WARN | |||
r-devel-osx-x86_64-clang | 1.3 | 88.88 | WARN | |||
r-devel-windows-ix86+x86_64 | 1.3 | 8.00 | 69.00 | 77.00 | WARN | |
r-patched-linux-x86_64 | 1.3 | 2.83 | 39.65 | 42.48 | WARN | |
r-patched-solaris-sparc | 1.3 | 523.80 | WARN | |||
r-patched-solaris-x86 | 1.3 | 102.80 | WARN | |||
r-release-linux-x86_64 | 1.3 | 2.77 | 39.54 | 42.31 | WARN | |
r-release-osx-x86_64-mavericks | 1.3 | OK | ||||
r-release-windows-ix86+x86_64 | 1.3 | 12.00 | 73.00 | 85.00 | WARN | |
r-oldrel-windows-ix86+x86_64 | 1.3 | 22.00 | 105.00 | 127.00 | WARN |
Version: 1.3
Check: whether package can be installed
Result: WARN
Found the following significant warnings:
Warning: replacing previous import ‘distr::Geom’ by ‘ggplot2::Geom’ when loading ‘arqas’
Flavors: r-devel-linux-x86_64-debian-gcc, r-devel-linux-x86_64-fedora-clang, r-devel-linux-x86_64-fedora-gcc, r-devel-osx-x86_64-clang, r-devel-windows-ix86+x86_64, r-patched-linux-x86_64, r-patched-solaris-sparc, r-patched-solaris-x86
Version: 1.3
Check: whether package can be installed
Result: WARN
Found the following significant warnings:
Warning: replacing previous import by ‘ggplot2::Geom’ when loading ‘arqas’
Flavors: r-release-linux-x86_64, r-release-windows-ix86+x86_64, r-oldrel-windows-ix86+x86_64