CRAN Package Check Results for Package blowtorch

Last updated on 2015-12-29 00:46:27.

Flavor Version Tinstall Tcheck Ttotal Status Flags
r-devel-linux-x86_64-debian-gcc 1.0.2 1.05 15.45 16.50 NOTE
r-devel-linux-x86_64-fedora-clang 1.0.2 33.99 NOTE
r-devel-linux-x86_64-fedora-gcc 1.0.2 32.24 NOTE
r-devel-osx-x86_64-clang 1.0.2 36.00 OK
r-devel-windows-ix86+x86_64 1.0.2 4.00 32.00 36.00 NOTE
r-patched-linux-x86_64 1.0.2 1.12 15.77 16.89 OK
r-patched-solaris-sparc 1.0.2 209.10 OK
r-patched-solaris-x86 1.0.2 46.70 OK
r-release-linux-x86_64 1.0.2 1.26 15.87 17.14 WARN
r-release-osx-x86_64-mavericks 1.0.2 OK
r-release-windows-ix86+x86_64 1.0.2 6.00 35.00 41.00 WARN
r-oldrel-windows-ix86+x86_64 1.0.2 11.00 49.00 60.00 WARN

Check Details

Version: 1.0.2
Check: R code for possible problems
Result: NOTE
    SGD: no visible global function definition for ‘head’
    SGD: no visible global function definition for ‘tail’
    SGD: no visible global function definition for ‘median’
    SGD: no visible global function definition for ‘flush.console’
    Undefined global functions or variables:
     flush.console head median tail
    Consider adding
     importFrom("stats", "median")
     importFrom("utils", "flush.console", "head", "tail")
    to your NAMESPACE.
Flavors: r-devel-linux-x86_64-debian-gcc, r-devel-linux-x86_64-fedora-clang, r-devel-linux-x86_64-fedora-gcc, r-devel-windows-ix86+x86_64

Version: 1.0.2
Check: whether package can be installed
Result: WARN
    Found the following significant warnings:
     Warning: replacing previous import by ‘grid::arrow’ when loading ‘blowtorch’
     Warning: replacing previous import by ‘grid::unit’ when loading ‘blowtorch’
Flavors: r-release-linux-x86_64, r-release-windows-ix86+x86_64, r-oldrel-windows-ix86+x86_64