CRAN Package Check Results for Package bodenmiller

Last updated on 2015-12-29 00:46:28.

Flavor Version Tinstall Tcheck Ttotal Status Flags
r-devel-linux-x86_64-debian-gcc 0.1 3.58 14.11 17.69 NOTE
r-devel-linux-x86_64-fedora-clang 0.1 35.68 NOTE
r-devel-linux-x86_64-fedora-gcc 0.1 34.90 NOTE
r-devel-osx-x86_64-clang 0.1 42.31 NOTE
r-devel-windows-ix86+x86_64 0.1 7.00 31.00 38.00 NOTE
r-patched-linux-x86_64 0.1 3.71 14.60 18.31 NOTE
r-patched-solaris-sparc 0.1 211.30 NOTE
r-patched-solaris-x86 0.1 50.80 NOTE
r-release-linux-x86_64 0.1 3.53 15.46 19.00 NOTE
r-release-osx-x86_64-mavericks 0.1 NOTE
r-release-windows-ix86+x86_64 0.1 10.00 33.00 43.00 NOTE
r-oldrel-windows-ix86+x86_64 0.1 10.00 36.00 46.00 NOTE

Check Details

Version: 0.1
Check: installed package size
Result: NOTE
     installed size is 8.9Mb
     sub-directories of 1Mb or more:
     data 8.7Mb
Flavors: r-devel-linux-x86_64-debian-gcc, r-devel-linux-x86_64-fedora-clang, r-devel-linux-x86_64-fedora-gcc, r-devel-osx-x86_64-clang, r-devel-windows-ix86+x86_64, r-patched-linux-x86_64, r-patched-solaris-sparc, r-patched-solaris-x86, r-release-linux-x86_64, r-release-osx-x86_64-mavericks, r-release-windows-ix86+x86_64, r-oldrel-windows-ix86+x86_64