Last updated on 2015-12-29 00:46:28.
Flavor | Version | Tinstall | Tcheck | Ttotal | Status | Flags |
---|---|---|---|---|---|---|
r-devel-linux-x86_64-debian-gcc | 1.0.4 | 2.75 | 10.04 | 12.79 | NOTE | |
r-devel-linux-x86_64-fedora-clang | 1.0.4 | 22.37 | NOTE | |||
r-devel-linux-x86_64-fedora-gcc | 1.0.4 | 21.61 | NOTE | |||
r-devel-osx-x86_64-clang | 1.0.4 | 30.99 | NOTE | |||
r-devel-windows-ix86+x86_64 | 1.0.4 | 24.00 | 46.00 | 70.00 | NOTE | |
r-patched-linux-x86_64 | 1.0.4 | 2.61 | 10.68 | 13.29 | NOTE | |
r-patched-solaris-sparc | 1.0.4 | 172.10 | NOTE | |||
r-patched-solaris-x86 | 1.0.4 | 38.40 | NOTE | |||
r-release-linux-x86_64 | 1.0.4 | 2.55 | 11.24 | 13.80 | NOTE | |
r-release-osx-x86_64-mavericks | 1.0.4 | NOTE | ||||
r-release-windows-ix86+x86_64 | 1.0.4 | 18.00 | 29.00 | 47.00 | NOTE | |
r-oldrel-windows-ix86+x86_64 | 1.0.4 | 21.00 | 29.00 | 50.00 | NOTE |
Version: 1.0.4
Check: installed package size
Result: NOTE
installed size is 6.1Mb
sub-directories of 1Mb or more:
extdata 5.8Mb
Flavors: r-devel-linux-x86_64-debian-gcc, r-devel-linux-x86_64-fedora-clang, r-devel-linux-x86_64-fedora-gcc, r-devel-osx-x86_64-clang, r-devel-windows-ix86+x86_64, r-patched-linux-x86_64, r-patched-solaris-sparc, r-patched-solaris-x86, r-release-linux-x86_64, r-release-osx-x86_64-mavericks, r-release-windows-ix86+x86_64, r-oldrel-windows-ix86+x86_64