Last updated on 2015-12-29 00:46:28.
Flavor | Version | Tinstall | Tcheck | Ttotal | Status | Flags |
---|---|---|---|---|---|---|
r-devel-linux-x86_64-debian-gcc | 0.6-11 | 3.06 | 50.82 | 53.88 | NOTE | |
r-devel-linux-x86_64-fedora-clang | 0.6-11 | 108.67 | NOTE | |||
r-devel-linux-x86_64-fedora-gcc | 0.6-11 | 101.85 | NOTE | |||
r-devel-osx-x86_64-clang | 0.6-11 | 115.23 | NOTE | |||
r-devel-windows-ix86+x86_64 | 0.6-11 | 7.00 | 123.00 | 130.00 | NOTE | |
r-patched-linux-x86_64 | 0.6-11 | 2.82 | 51.52 | 54.34 | NOTE | |
r-patched-solaris-sparc | 0.6-11 | 664.20 | NOTE | |||
r-patched-solaris-x86 | 0.6-11 | 138.50 | NOTE | |||
r-release-linux-x86_64 | 0.6-11 | 2.98 | 52.07 | 55.06 | NOTE | |
r-release-osx-x86_64-mavericks | 0.6-11 | NOTE | ||||
r-release-windows-ix86+x86_64 | 0.6-11 | 11.00 | 116.00 | 127.00 | NOTE | |
r-oldrel-windows-ix86+x86_64 | 0.6-11 | 15.00 | 105.00 | 120.00 | NOTE |
Version: 0.6-11
Check: package dependencies
Result: NOTE
Package suggested but not available for checking: ‘gurobi’
Flavors: r-devel-linux-x86_64-debian-gcc, r-devel-linux-x86_64-fedora-clang, r-devel-linux-x86_64-fedora-gcc, r-devel-osx-x86_64-clang, r-devel-windows-ix86+x86_64, r-patched-linux-x86_64, r-patched-solaris-sparc, r-patched-solaris-x86, r-release-linux-x86_64, r-release-osx-x86_64-mavericks, r-release-windows-ix86+x86_64, r-oldrel-windows-ix86+x86_64
Version: 0.6-11
Check: R code for possible problems
Result: NOTE
DAGmethod: no visible global function definition for ‘flush.console’
curveFisher: no visible global function definition for ‘qchisq’
curveFisher: no visible global function definition for ‘lines’
curveFisher: no visible global function definition for ‘legend’
curveMeinshausen: no visible global function definition for ‘lines’
curveMeinshausen: no visible global function definition for ‘legend’
curveSimes: no visible global function definition for ‘lines’
curveSimes: no visible global function definition for ‘legend’
curveSimes_old: no visible global function definition for ‘lines’
curveSimes_old: no visible global function definition for ‘legend’
pick: no visible global function definition for ‘barplot’
pick: no visible global function definition for ‘text’
pickFisher : <anonymous>: no visible global function definition for
‘qchisq’
regionmethod: no visible global function definition for ‘flush.console’
regionplot: no visible global function definition for ‘plot’
regionplot: no visible global function definition for ‘axis’
regionplot: no visible global function definition for ‘polygon’
regionplot: no visible global function definition for ‘par’
regionplot: no visible global function definition for ‘legend’
regionplot2 : drawsegment: no visible global function definition for
‘segments’
regionplot2: no visible global function definition for ‘plot’
regionplot2: no visible global function definition for ‘axis’
regionplot2: no visible global function definition for ‘par’
regionplot2: no visible global function definition for ‘legend’
structuredHolm: no visible global function definition for
‘flush.console’
Undefined global functions or variables:
axis barplot flush.console legend lines par plot polygon qchisq
segments text
Consider adding
importFrom("graphics", "axis", "barplot", "legend", "lines", "par",
"plot", "polygon", "segments", "text")
importFrom("stats", "qchisq")
importFrom("utils", "flush.console")
to your NAMESPACE.
Flavors: r-devel-linux-x86_64-debian-gcc, r-devel-linux-x86_64-fedora-clang, r-devel-linux-x86_64-fedora-gcc, r-devel-windows-ix86+x86_64