CRAN Package Check Results for Package chillR

Last updated on 2015-12-29 00:46:28.

Flavor Version Tinstall Tcheck Ttotal Status Flags
r-devel-linux-x86_64-debian-gcc 0.55 1.82 32.65 34.47 NOTE
r-devel-linux-x86_64-fedora-clang 0.55 69.09 NOTE
r-devel-linux-x86_64-fedora-gcc 0.55 64.54 NOTE
r-devel-osx-x86_64-clang 0.55 78.68 OK
r-devel-windows-ix86+x86_64 0.55 4.00 84.00 88.00 NOTE
r-patched-linux-x86_64 0.55 2.08 33.37 35.46 OK
r-patched-solaris-sparc 0.55 462.40 OK
r-patched-solaris-x86 0.55 90.40 OK
r-release-linux-x86_64 0.55 1.73 33.09 34.82 OK
r-release-osx-x86_64-mavericks 0.55 OK
r-release-windows-ix86+x86_64 0.55 9.00 79.00 88.00 OK
r-oldrel-windows-ix86+x86_64 0.55 12.00 80.00 92.00 OK

Check Details

Version: 0.55
Check: R code for possible problems
Result: NOTE
    PLS_chill_force: no visible binding for global variable ‘sd’
    PLS_chill_force: no visible global function definition for ‘coef’
    PLS_pheno: no visible binding for global variable ‘sd’
    PLS_pheno: no visible global function definition for ‘coef’
    daily_chill: no visible global function definition for ‘aggregate’
    make_daily_chill_figures: no visible global function definition for
     ‘sd’
    make_daily_chill_figures : make_plot: no visible global function
     definition for ‘png’
    make_daily_chill_figures : make_plot: no visible global function
     definition for ‘par’
    make_daily_chill_figures : make_plot: no visible global function
     definition for ‘plot’
    make_daily_chill_figures : make_plot: no visible global function
     definition for ‘arrows’
    make_daily_chill_figures : make_plot: no visible global function
     definition for ‘lines’
    make_daily_chill_figures : make_plot: no visible global function
     definition for ‘axis’
    make_daily_chill_figures : make_plot: no visible global function
     definition for ‘box’
    make_daily_chill_figures : make_plot: no visible global function
     definition for ‘mtext’
    make_daily_chill_figures : make_plot: no visible global function
     definition for ‘dev.off’
    make_pheno_trend_plot: no visible global function definition for ‘tiff’
    make_pheno_trend_plot: no visible global function definition for ‘png’
    make_pheno_trend_plot: no visible global function definition for ‘par’
    make_pheno_trend_plot: no visible global function definition for
     ‘colorRampPalette’
    make_pheno_trend_plot: no visible global function definition for
     ‘mtext’
    make_pheno_trend_plot: no visible global function definition for
     ‘points’
    make_pheno_trend_plot: no visible global function definition for
     ‘dev.off’
    make_pheno_trend_plot: no visible global function definition for
     ‘write.csv’
    plot_PLS: no visible global function definition for ‘bmp’
    plot_PLS: no visible global function definition for ‘par’
    plot_PLS: no visible global function definition for ‘plot’
    plot_PLS: no visible global function definition for ‘grconvertX’
    plot_PLS: no visible global function definition for ‘axis’
    plot_PLS: no visible global function definition for ‘box’
    plot_PLS: no visible global function definition for ‘mtext’
    plot_PLS: no visible global function definition for ‘arrows’
    plot_PLS: no visible global function definition for ‘lines’
    plot_PLS: no visible global function definition for ‘dev.off’
    plot_PLS: no visible global function definition for ‘write.csv’
    stack_hourly_temps: no visible global function definition for ‘stack’
    Undefined global functions or variables:
     aggregate arrows axis bmp box coef colorRampPalette dev.off
     grconvertX lines mtext par plot png points sd stack tiff write.csv
    Consider adding
     importFrom("grDevices", "bmp", "colorRampPalette", "dev.off", "png",
     "tiff")
     importFrom("graphics", "arrows", "axis", "box", "grconvertX", "lines",
     "mtext", "par", "plot", "points")
     importFrom("stats", "aggregate", "coef", "sd")
     importFrom("utils", "stack", "write.csv")
    to your NAMESPACE.
Flavors: r-devel-linux-x86_64-debian-gcc, r-devel-linux-x86_64-fedora-clang, r-devel-linux-x86_64-fedora-gcc, r-devel-windows-ix86+x86_64