CRAN Package Check Results for Package contrast

Last updated on 2015-12-29 00:46:29.

Flavor Version Tinstall Tcheck Ttotal Status Flags
r-devel-linux-x86_64-debian-gcc 0.19 3.53 44.68 48.21 NOTE
r-devel-linux-x86_64-fedora-clang 0.19 103.00 NOTE
r-devel-linux-x86_64-fedora-gcc 0.19 98.17 NOTE
r-devel-osx-x86_64-clang 0.19 109.91 NOTE
r-devel-windows-ix86+x86_64 0.19 10.00 82.00 92.00 NOTE
r-patched-linux-x86_64 0.19 3.86 47.84 51.70 NOTE
r-patched-solaris-sparc 0.19 645.00 NOTE
r-patched-solaris-x86 0.19 140.50 NOTE
r-release-linux-x86_64 0.19 4.06 48.55 52.62 NOTE
r-release-osx-x86_64-mavericks 0.19 NOTE
r-release-windows-ix86+x86_64 0.19 15.00 99.00 114.00 NOTE
r-oldrel-windows-ix86+x86_64 0.19 30.00 181.00 211.00 NOTE

Check Details

Version: 0.19
Check: dependencies in R code
Result: NOTE
    'library' or 'require' calls in package code:
     ‘geepack’ ‘nlme’ ‘sandwich’
     Please use :: or requireNamespace() instead.
     See section 'Suggested packages' in the 'Writing R Extensions' manual.
Flavors: r-devel-linux-x86_64-debian-gcc, r-devel-linux-x86_64-fedora-clang, r-devel-linux-x86_64-fedora-gcc, r-devel-osx-x86_64-clang, r-devel-windows-ix86+x86_64, r-patched-linux-x86_64, r-patched-solaris-sparc, r-patched-solaris-x86, r-release-linux-x86_64, r-release-osx-x86_64-mavericks, r-release-windows-ix86+x86_64, r-oldrel-windows-ix86+x86_64

Version: 0.19
Check: R code for possible problems
Result: NOTE
    contrastCalc: no visible global function definition for ‘vcovHC’
    getCoefficients.lme: no visible global function definition for ‘fixef’
    model.frame.gls: no visible global function definition for
     ‘getGroupsFormula’
    model.frame.gls: no visible global function definition for ‘glsStruct’
    model.frame.gls: no visible global function definition for ‘varFunc’
    model.frame.gls: no visible global function definition for
     ‘asOneFormula’
    model.frame.gls: no visible global function definition for ‘getGroups’
    model.frame.lme: no visible global function definition for ‘pdSymm’
    model.frame.lme: no visible global function definition for ‘reStruct’
    model.frame.lme: no visible global function definition for
     ‘getGroupsFormula’
    model.frame.lme: no visible global function definition for
     ‘splitFormula’
    model.frame.lme: no visible global function definition for
     ‘getCovariateFormula’
    model.frame.lme: no visible global function definition for ‘lmeStruct’
    model.frame.lme: no visible global function definition for ‘varFunc’
    model.frame.lme: no visible global function definition for
     ‘asOneFormula’
    model.frame.lme: no visible global function definition for ‘getGroups’
    Undefined global functions or variables:
     asOneFormula fixef getCovariateFormula getGroups getGroupsFormula
     glsStruct lmeStruct pdSymm reStruct splitFormula varFunc vcovHC
Flavors: r-devel-linux-x86_64-debian-gcc, r-devel-linux-x86_64-fedora-clang, r-devel-linux-x86_64-fedora-gcc, r-devel-osx-x86_64-clang, r-devel-windows-ix86+x86_64

Version: 0.19
Check: R code for possible problems
Result: NOTE
    contrastCalc: no visible global function definition for ‘vcovHC’
    getCoefficients.lme: no visible global function definition for ‘fixef’
    model.frame.gls: no visible global function definition for
     ‘getGroupsFormula’
    model.frame.gls: no visible global function definition for ‘glsStruct’
    model.frame.gls: no visible global function definition for ‘varFunc’
    model.frame.gls: no visible global function definition for
     ‘asOneFormula’
    model.frame.gls: no visible global function definition for ‘getGroups’
    model.frame.lme: no visible global function definition for ‘pdSymm’
    model.frame.lme: no visible global function definition for ‘reStruct’
    model.frame.lme: no visible global function definition for
     ‘getGroupsFormula’
    model.frame.lme: no visible global function definition for
     ‘splitFormula’
    model.frame.lme: no visible global function definition for
     ‘getCovariateFormula’
    model.frame.lme: no visible global function definition for ‘lmeStruct’
    model.frame.lme: no visible global function definition for ‘varFunc’
    model.frame.lme: no visible global function definition for
     ‘asOneFormula’
    model.frame.lme: no visible global function definition for ‘getGroups’
Flavors: r-patched-linux-x86_64, r-patched-solaris-sparc, r-patched-solaris-x86, r-release-linux-x86_64, r-release-osx-x86_64-mavericks, r-release-windows-ix86+x86_64, r-oldrel-windows-ix86+x86_64