CRAN Package Check Results for Package cshapes

Last updated on 2015-12-29 00:46:29.

Flavor Version Tinstall Tcheck Ttotal Status Flags
r-devel-linux-x86_64-debian-gcc 0.5-1 1.49 16.52 18.00 NOTE
r-devel-linux-x86_64-fedora-clang 0.5-1 34.98 NOTE
r-devel-linux-x86_64-fedora-gcc 0.5-1 32.93 NOTE
r-devel-osx-x86_64-clang 0.5-1 39.58 NOTE
r-devel-windows-ix86+x86_64 0.5-1 6.00 40.00 46.00 NOTE
r-patched-linux-x86_64 0.5-1 1.64 17.59 19.23 NOTE
r-patched-solaris-sparc 0.5-1 225.20 NOTE
r-patched-solaris-x86 0.5-1 53.30 NOTE
r-release-linux-x86_64 0.5-1 1.54 18.14 19.68 NOTE
r-release-osx-x86_64-mavericks 0.5-1 WARN
r-release-windows-ix86+x86_64 0.5-1 8.00 41.00 49.00 NOTE
r-oldrel-windows-ix86+x86_64 0.5-1 11.00 64.00 75.00 NOTE

Check Details

Version: 0.5-1
Check: installed package size
Result: NOTE
     installed size is 5.3Mb
     sub-directories of 1Mb or more:
     shp 5.2Mb
Flavors: r-devel-linux-x86_64-debian-gcc, r-devel-linux-x86_64-fedora-clang, r-devel-linux-x86_64-fedora-gcc, r-devel-osx-x86_64-clang, r-devel-windows-ix86+x86_64, r-patched-linux-x86_64, r-patched-solaris-sparc, r-patched-solaris-x86, r-release-linux-x86_64, r-release-osx-x86_64-mavericks, r-release-windows-ix86+x86_64, r-oldrel-windows-ix86+x86_64

Version: 0.5-1
Check: whether package can be installed
Result: WARN
    Found the following significant warnings:
     Warning: replacing previous import by ‘maptools::nowrapSpatialLines’ when loading ‘cshapes’
Flavor: r-release-osx-x86_64-mavericks