CRAN Package Check Results for Package dMod

Last updated on 2015-12-29 00:46:31.

Flavor Version Tinstall Tcheck Ttotal Status Flags
r-devel-linux-x86_64-debian-gcc 0.1 1.18 17.74 18.92 NOTE
r-devel-linux-x86_64-fedora-clang 0.1 37.05 NOTE
r-devel-linux-x86_64-fedora-gcc 0.1 35.09 NOTE
r-devel-osx-x86_64-clang 0.1 42.52 OK
r-devel-windows-ix86+x86_64 0.1 6.00 36.00 42.00 NOTE
r-patched-linux-x86_64 0.1 1.32 18.95 20.27 OK
r-patched-solaris-sparc 0.1 259.70 OK
r-patched-solaris-x86 0.1 52.90 OK
r-release-linux-x86_64 0.1 1.33 18.35 19.68 OK
r-release-osx-x86_64-mavericks 0.1 OK
r-release-windows-ix86+x86_64 0.1 8.00 39.00 47.00 NOTE
r-oldrel-windows-ix86+x86_64 0.1 12.00 49.00 61.00 NOTE

Check Details

Version: 0.1
Check: R code for possible problems
Result: NOTE
    P : <anonymous> : <anonymous>: no visible global function definition
     for ‘D’
    addObservable: no visible global function definition for ‘getParseData’
    addObservable : <anonymous> : <anonymous>: no visible global function
     definition for ‘D’
    generateEquations : <anonymous>: no visible global function definition
     for ‘getParseData’
    getCoefficients: no visible global function definition for
     ‘getParseData’
    loadTemplate: no visible global function definition for ‘file.edit’
    plotCombined: no visible binding for global variable ‘time’
    plotData: no visible binding for global variable ‘time’
    plotPrediction: no visible binding for global variable ‘time’
    plotProfile: no visible binding for global variable ‘par’
    profile: no visible global function definition for ‘qchisq’
    Undefined global functions or variables:
     D file.edit getParseData par qchisq time
    Consider adding
     importFrom("graphics", "par")
     importFrom("stats", "D", "qchisq", "time")
     importFrom("utils", "file.edit", "getParseData")
    to your NAMESPACE.
Flavors: r-devel-linux-x86_64-debian-gcc, r-devel-linux-x86_64-fedora-clang, r-devel-linux-x86_64-fedora-gcc, r-devel-windows-ix86+x86_64

Version: 0.1
Check: package dependencies
Result: NOTE
    Package suggested but not available for checking: 'rPython'
Flavors: r-devel-windows-ix86+x86_64, r-release-windows-ix86+x86_64, r-oldrel-windows-ix86+x86_64