Last updated on 2015-12-29 00:46:30.
Flavor | Version | Tinstall | Tcheck | Ttotal | Status | Flags |
---|---|---|---|---|---|---|
r-devel-linux-x86_64-debian-gcc | 0.6.1 | 15.93 | 10.97 | 26.90 | NOTE | |
r-devel-linux-x86_64-fedora-clang | 0.6.1 | 66.92 | NOTE | |||
r-devel-linux-x86_64-fedora-gcc | 0.6.1 | 57.04 | NOTE | |||
r-devel-osx-x86_64-clang | 0.6.1 | 51.62 | OK | |||
r-devel-windows-ix86+x86_64 | 0.6.1 | 62.00 | 39.00 | 101.00 | NOTE | |
r-patched-linux-x86_64 | 0.6.1 | 16.14 | 12.08 | 28.22 | OK | |
r-patched-solaris-sparc | 0.6.1 | 340.40 | NOTE | |||
r-patched-solaris-x86 | 0.6.1 | 67.50 | NOTE | |||
r-release-linux-x86_64 | 0.6.1 | 16.59 | 11.88 | 28.47 | OK | |
r-release-osx-x86_64-mavericks | 0.6.1 | OK | ||||
r-release-windows-ix86+x86_64 | 0.6.1 | 88.00 | 52.00 | 140.00 | OK | |
r-oldrel-windows-ix86+x86_64 | 0.6.1 | 93.00 | 61.00 | 154.00 | OK |
Version: 0.6.1
Check: R code for possible problems
Result: NOTE
dendextendRcpp_cut_lower_fun: no visible global function definition for
‘is.leaf’
dendextendRcpp_labels.dendrogram: no visible global function definition
for ‘is.leaf’
old_cut_lower_fun: no visible global function definition for ‘is.leaf’
stats_labels.dendrogram: no visible global function definition for
‘dendrapply’
Undefined global functions or variables:
dendrapply is.leaf
Consider adding
importFrom("stats", "dendrapply", "is.leaf")
to your NAMESPACE.
Flavors: r-devel-linux-x86_64-debian-gcc, r-devel-linux-x86_64-fedora-clang, r-devel-linux-x86_64-fedora-gcc, r-devel-windows-ix86+x86_64
Version: 0.6.1
Check: package dependencies
Result: NOTE
Package suggested but not available for checking: ‘microbenchmark’
Flavors: r-patched-solaris-sparc, r-patched-solaris-x86