CRAN Package Check Results for Package denovolyzeR

Last updated on 2015-12-29 00:46:30.

Flavor Version Tinstall Tcheck Ttotal Status Flags
r-devel-linux-x86_64-debian-gcc 0.1.0 6.04 36.64 42.69 NOTE
r-devel-linux-x86_64-fedora-clang 0.1.0 81.76 NOTE
r-devel-linux-x86_64-fedora-gcc 0.1.0 78.94 NOTE
r-devel-osx-x86_64-clang 0.1.0 87.00 OK
r-devel-windows-ix86+x86_64 0.1.0 11.00 61.00 72.00 NOTE
r-patched-linux-x86_64 0.1.0 6.13 38.33 44.46 OK
r-patched-solaris-sparc 0.1.0 519.60 OK
r-patched-solaris-x86 0.1.0 112.70 OK
r-release-linux-x86_64 0.1.0 6.02 39.08 45.10 OK
r-release-osx-x86_64-mavericks 0.1.0 OK
r-release-windows-ix86+x86_64 0.1.0 15.00 82.00 97.00 OK
r-oldrel-windows-ix86+x86_64 0.1.0 18.00 96.00 114.00 OK

Check Details

Version: 0.1.0
Check: R code for possible problems
Result: NOTE
    denovolyze: no visible global function definition for ‘ppois’
    Undefined global functions or variables:
     ppois
    Consider adding
     importFrom("stats", "ppois")
    to your NAMESPACE.
Flavors: r-devel-linux-x86_64-debian-gcc, r-devel-linux-x86_64-fedora-clang, r-devel-linux-x86_64-fedora-gcc, r-devel-windows-ix86+x86_64