Last updated on 2015-12-29 00:46:30.
Flavor | Version | Tinstall | Tcheck | Ttotal | Status | Flags |
---|---|---|---|---|---|---|
r-devel-linux-x86_64-debian-gcc | 1.9 | 0.51 | 20.63 | 21.14 | NOTE | |
r-devel-linux-x86_64-fedora-clang | 1.9 | 41.19 | NOTE | |||
r-devel-linux-x86_64-fedora-gcc | 1.9 | 39.92 | NOTE | |||
r-devel-osx-x86_64-clang | 1.9 | 45.79 | OK | |||
r-devel-windows-ix86+x86_64 | 1.9 | 3.00 | 54.00 | 57.00 | NOTE | |
r-patched-linux-x86_64 | 1.9 | 0.61 | 20.72 | 21.33 | OK | |
r-patched-solaris-sparc | 1.9 | 250.60 | OK | |||
r-patched-solaris-x86 | 1.9 | 48.20 | OK | |||
r-release-linux-x86_64 | 1.9 | 0.54 | 20.32 | 20.85 | OK | |
r-release-osx-x86_64-mavericks | 1.9 | OK | ||||
r-release-windows-ix86+x86_64 | 1.9 | 3.00 | 42.00 | 45.00 | OK | |
r-oldrel-windows-ix86+x86_64 | 1.9 | 4.00 | 43.00 | 47.00 | OK |
Version: 1.9
Check: R code for possible problems
Result: NOTE
plot.dArb: no visible global function definition for ‘extendrange’
plot.dArb: no visible global function definition for ‘plot’
plot.dArb: no visible global function definition for ‘predict’
plot.dArb: no visible global function definition for ‘points’
plot.dArb: no visible global function definition for ‘abline’
plot.dBox: no visible global function definition for ‘extendrange’
plot.dBox: no visible global function definition for ‘plot’
plot.dBox: no visible global function definition for ‘segments’
plot.dBox: no visible global function definition for ‘abline’
plot.dCategorical: no visible global function definition for ‘barplot’
plot.dCategorical: no visible global function definition for ‘abline’
plot.dMax: no visible global function definition for ‘extendrange’
plot.dMax: no visible global function definition for ‘plot’
plot.dMax: no visible global function definition for ‘segments’
plot.dMax: no visible global function definition for ‘points’
plot.dMax: no visible global function definition for ‘abline’
plot.dMin: no visible global function definition for ‘extendrange’
plot.dMin: no visible global function definition for ‘plot’
plot.dMin: no visible global function definition for ‘segments’
plot.dMin: no visible global function definition for ‘points’
plot.dMin: no visible global function definition for ‘abline’
plot.dTarget: no visible global function definition for ‘extendrange’
plot.dTarget: no visible global function definition for ‘plot’
plot.dTarget: no visible global function definition for ‘segments’
plot.dTarget: no visible global function definition for ‘points’
plot.dTarget: no visible global function definition for ‘abline’
predict.dArb : <anonymous>: no visible global function definition for
‘approx’
predict.dOverall: no visible global function definition for ‘predict’
Undefined global functions or variables:
abline approx barplot extendrange plot points predict segments
Consider adding
importFrom("grDevices", "extendrange")
importFrom("graphics", "abline", "barplot", "plot", "points",
"segments")
importFrom("stats", "approx", "predict")
to your NAMESPACE.
Flavors: r-devel-linux-x86_64-debian-gcc, r-devel-linux-x86_64-fedora-clang, r-devel-linux-x86_64-fedora-gcc, r-devel-windows-ix86+x86_64