CRAN Package Check Results for Package distrEx

Last updated on 2015-12-29 00:46:31.

Flavor Version Tinstall Tcheck Ttotal Status Flags
r-devel-linux-x86_64-debian-gcc 2.5 12.79 41.15 53.94 NOTE
r-devel-linux-x86_64-fedora-clang 2.5 109.50 NOTE
r-devel-linux-x86_64-fedora-gcc 2.5 102.25 NOTE
r-devel-osx-x86_64-clang 2.5 110.20 NOTE
r-devel-windows-ix86+x86_64 2.5 26.00 123.00 149.00 NOTE
r-patched-linux-x86_64 2.5 11.40 43.57 54.97 NOTE
r-patched-solaris-sparc 2.5 694.60 NOTE
r-patched-solaris-x86 2.5 130.30 NOTE
r-release-linux-x86_64 2.5 11.21 43.58 54.79 NOTE
r-release-osx-x86_64-mavericks 2.5 NOTE
r-release-windows-ix86+x86_64 2.5 32.00 106.00 138.00 NOTE
r-oldrel-windows-ix86+x86_64 2.5 42.00 116.00 158.00 NOTE

Check Details

Version: 2.5
Check: DESCRIPTION meta-information
Result: NOTE
    Malformed Description field: should contain one or more complete sentences.
Flavors: r-devel-linux-x86_64-debian-gcc, r-devel-linux-x86_64-fedora-clang, r-devel-linux-x86_64-fedora-gcc, r-devel-osx-x86_64-clang, r-devel-windows-ix86+x86_64, r-patched-linux-x86_64, r-patched-solaris-sparc, r-patched-solaris-x86, r-release-linux-x86_64, r-release-osx-x86_64-mavericks, r-release-windows-ix86+x86_64

Version: 2.5
Check: R code for possible problems
Result: NOTE
    .onAttach: no visible global function definition for
     ‘buildStartupMessage’
    GLIntegrate: no visible global function definition for
     ‘getFromNamespace’
    distrExIntegrate: no visible global function definition for ‘integrate’
    distrExMASK: no visible global function definition for ‘infoShow’
    distrExMOVED: no visible global function definition for ‘infoShow’
    AsymTotalVarDist,AbscontDistribution-AbscontDistribution: no visible
     global function definition for ‘uniroot’
    AsymTotalVarDist,AcDcLcDistribution-AcDcLcDistribution: no visible
     global function definition for ‘uniroot’
    AsymTotalVarDist,DiscreteDistribution-DiscreteDistribution: no visible
     global function definition for ‘uniroot’
    AsymTotalVarDist,DiscreteDistribution-LatticeDistribution: no visible
     global function definition for ‘uniroot’
    AsymTotalVarDist,LatticeDistribution-DiscreteDistribution: no visible
     global function definition for ‘uniroot’
    AsymTotalVarDist,LatticeDistribution-LatticeDistribution: no visible
     global function definition for ‘uniroot’
    IQR,Cauchy: no visible global function definition for ‘qcauchy’
    IQR,Norm: no visible global function definition for ‘qnorm’
    OAsymTotalVarDist,AbscontDistribution-AbscontDistribution: no visible
     global function definition for ‘optimize’
    OAsymTotalVarDist,AcDcLcDistribution-AcDcLcDistribution: no visible
     global function definition for ‘optimize’
    OAsymTotalVarDist,DiscreteDistribution-DiscreteDistribution: no visible
     global function definition for ‘optimize’
    OAsymTotalVarDist,DiscreteDistribution-LatticeDistribution: no visible
     global function definition for ‘optimize’
    OAsymTotalVarDist,LatticeDistribution-DiscreteDistribution: no visible
     global function definition for ‘optimize’
    OAsymTotalVarDist,LatticeDistribution-LatticeDistribution: no visible
     global function definition for ‘optimize’
    m1df,Binom: no visible global function definition for ‘pbinom’
    m1df,Chisq: no visible global function definition for ‘pchisq’
    m1df,Exp: no visible global function definition for ‘pexp’
    m1df,Norm: no visible global function definition for ‘pnorm’
    m1df,Norm: no visible global function definition for ‘dnorm’
    m1df,Pois: no visible global function definition for ‘ppois’
    m2df,Binom: no visible global function definition for ‘pbinom’
    m2df,Chisq: no visible global function definition for ‘pchisq’
    m2df,Exp: no visible global function definition for ‘pexp’
    m2df,Norm: no visible global function definition for ‘pnorm’
    m2df,Norm: no visible global function definition for ‘dnorm’
    m2df,Pois: no visible global function definition for ‘ppois’
    mad,Cauchy: no visible global function definition for ‘qcauchy’
    mad,Norm: no visible global function definition for ‘qnorm’
    Undefined global functions or variables:
     buildStartupMessage dnorm getFromNamespace infoShow integrate
     optimize pbinom pchisq pexp pnorm ppois qcauchy qnorm uniroot
    Consider adding
     importFrom("stats", "dnorm", "integrate", "optimize", "pbinom",
     "pchisq", "pexp", "pnorm", "ppois", "qcauchy", "qnorm",
     "uniroot")
     importFrom("utils", "getFromNamespace")
    to your NAMESPACE.
Flavors: r-devel-linux-x86_64-debian-gcc, r-devel-linux-x86_64-fedora-clang, r-devel-linux-x86_64-fedora-gcc, r-devel-windows-ix86+x86_64

Version: 2.5
Check: R code for possible problems
Result: NOTE
    .onAttach: no visible global function definition for
     ‘buildStartupMessage’
    distrExMASK: no visible global function definition for ‘infoShow’
    distrExMOVED: no visible global function definition for ‘infoShow’
    Undefined global functions or variables:
     buildStartupMessage infoShow
Flavor: r-devel-osx-x86_64-clang

Version: 2.5
Check: R code for possible problems
Result: NOTE
    .onAttach: no visible global function definition for
     ‘buildStartupMessage’
    distrExMASK: no visible global function definition for ‘infoShow’
    distrExMOVED: no visible global function definition for ‘infoShow’
Flavors: r-patched-linux-x86_64, r-patched-solaris-sparc, r-patched-solaris-x86, r-release-linux-x86_64, r-release-osx-x86_64-mavericks, r-release-windows-ix86+x86_64, r-oldrel-windows-ix86+x86_64

Version: 2.5
Check: Rd cross-references
Result: NOTE
    Package unavailable to check Rd xrefs: ‘robustbase’
Flavor: r-release-osx-x86_64-mavericks