CRAN Package Check Results for Package dplyr

Last updated on 2015-12-29 00:46:31.

Flavor Version Tinstall Tcheck Ttotal Status Flags
r-devel-linux-x86_64-debian-gcc 0.4.3 121.26 71.45 192.72 NOTE
r-devel-linux-x86_64-fedora-clang 0.4.3 402.75 NOTE
r-devel-linux-x86_64-fedora-gcc 0.4.3 406.10 NOTE
r-devel-osx-x86_64-clang 0.4.3 302.65 OK
r-devel-windows-ix86+x86_64 0.4.3 379.00 199.00 578.00 NOTE
r-patched-linux-x86_64 0.4.3 123.92 73.12 197.04 NOTE
r-patched-solaris-sparc 0.4.3 1956.40 NOTE --no-vignettes
r-patched-solaris-x86 0.4.3 379.50 NOTE
r-release-linux-x86_64 0.4.3 124.42 72.38 196.80 NOTE
r-release-osx-x86_64-mavericks 0.4.3 NOTE
r-release-windows-ix86+x86_64 0.4.3 467.00 256.00 723.00 NOTE
r-oldrel-windows-ix86+x86_64 0.4.3 498.00 217.00 715.00 NOTE

Memtest notes: valgrind

Check Details

Version: 0.4.3
Check: installed package size
Result: NOTE
     installed size is 22.2Mb
     sub-directories of 1Mb or more:
     libs 20.4Mb
Flavors: r-devel-linux-x86_64-debian-gcc, r-devel-linux-x86_64-fedora-clang, r-devel-linux-x86_64-fedora-gcc, r-devel-windows-ix86+x86_64, r-patched-linux-x86_64, r-release-linux-x86_64, r-release-osx-x86_64-mavericks, r-release-windows-ix86+x86_64, r-oldrel-windows-ix86+x86_64

Version: 0.4.3
Flags: --no-vignettes
Check: package dependencies
Result: NOTE
    Packages suggested but not available for checking:
     ‘RMySQL’ ‘microbenchmark’
Flavor: r-patched-solaris-sparc

Version: 0.4.3
Flags: --no-vignettes
Check: Rd cross-references
Result: NOTE
    Packages unavailable to check Rd xrefs: ‘microbenchmark’, ‘RMySQL’
Flavor: r-patched-solaris-sparc

Version: 0.4.3
Check: package dependencies
Result: NOTE
    Packages suggested but not available for checking:
     ‘RMySQL’ ‘microbenchmark’
Flavor: r-patched-solaris-x86

Version: 0.4.3
Check: Rd cross-references
Result: NOTE
    Packages unavailable to check Rd xrefs: ‘microbenchmark’, ‘RMySQL’
Flavor: r-patched-solaris-x86

Version: 0.4.3
Check: re-building of vignette outputs
Result: NOTE
    Error in re-building vignettes:
     ...
    
    Attaching package: 'dplyr'
    
    The following objects are masked from 'package:stats':
    
     filter, lag
    
    The following objects are masked from 'package:base':
    
     intersect, setdiff, setequal, union
    
    Quitting from lines 94-100 (data_frames.Rmd)
    Error: processing vignette 'data_frames.Rmd' failed with diagnostics:
    there is no package called 'microbenchmark'
    Execution halted
Flavor: r-patched-solaris-x86