CRAN Package Check Results for Package eurostat

Last updated on 2015-12-29 00:46:32.

Flavor Version Tinstall Tcheck Ttotal Status Flags
r-devel-linux-x86_64-debian-gcc 1.0.16 1.76 16.92 18.69 NOTE
r-devel-linux-x86_64-fedora-clang 1.0.16 30.78 NOTE
r-devel-linux-x86_64-fedora-gcc 1.0.16 29.25 NOTE
r-devel-osx-x86_64-clang 1.0.16 39.33 NOTE
r-devel-windows-ix86+x86_64 1.0.16 5.00 37.00 42.00 NOTE
r-patched-linux-x86_64 1.0.16 1.85 17.81 19.66 NOTE
r-patched-solaris-sparc 1.0.16 197.40 NOTE
r-patched-solaris-x86 1.0.16 44.20 NOTE
r-release-linux-x86_64 1.0.16 2.02 18.01 20.03 NOTE
r-release-osx-x86_64-mavericks 1.0.16 OK
r-release-windows-ix86+x86_64 1.0.16 7.00 63.00 70.00 NOTE
r-oldrel-windows-ix86+x86_64 1.0.16 9.00 42.00 51.00 OK

Check Details

Version: 1.0.16
Check: R code for possible problems
Result: NOTE
    get_eurostat_dic: no visible global function definition for
     ‘read.table’
    get_eurostat_raw: no visible global function definition for
     ‘download.file’
    get_eurostat_raw: no visible global function definition for
     ‘read.table’
    set_eurostat_toc: no visible global function definition for
     ‘read.table’
    tidy_eurostat: no visible binding for global variable ‘time’
    Undefined global functions or variables:
     download.file read.table time
    Consider adding
     importFrom("stats", "time")
     importFrom("utils", "download.file", "read.table")
    to your NAMESPACE.
Flavors: r-devel-linux-x86_64-debian-gcc, r-devel-linux-x86_64-fedora-clang, r-devel-linux-x86_64-fedora-gcc, r-devel-windows-ix86+x86_64

Version: 1.0.16
Check: files in ‘vignettes’
Result: NOTE
    The following directory looks like a leftover from 'knitr':
     ‘figure’
    Please remove from your package.
Flavors: r-devel-linux-x86_64-debian-gcc, r-devel-linux-x86_64-fedora-clang, r-devel-linux-x86_64-fedora-gcc, r-devel-osx-x86_64-clang, r-devel-windows-ix86+x86_64, r-patched-linux-x86_64, r-patched-solaris-sparc, r-patched-solaris-x86, r-release-linux-x86_64, r-release-windows-ix86+x86_64