Last updated on 2015-12-29 00:46:32.
Flavor | Version | Tinstall | Tcheck | Ttotal | Status | Flags |
---|---|---|---|---|---|---|
r-devel-linux-x86_64-debian-gcc | 2.6 | 3.53 | 105.07 | 108.60 | NOTE | |
r-devel-linux-x86_64-fedora-clang | 2.6 | 218.79 | NOTE | |||
r-devel-linux-x86_64-fedora-gcc | 2.6 | 205.22 | NOTE | |||
r-devel-osx-x86_64-clang | 2.6 | 196.16 | OK | |||
r-devel-windows-ix86+x86_64 | 2.6 | 12.00 | 180.00 | 192.00 | NOTE | |
r-patched-linux-x86_64 | 2.6 | 3.99 | 106.79 | 110.78 | OK | |
r-patched-solaris-sparc | 2.6 | 1110.00 | NOTE | |||
r-patched-solaris-x86 | 2.6 | 199.60 | NOTE | |||
r-release-linux-x86_64 | 2.6 | 3.76 | 110.33 | 114.08 | OK | |
r-release-osx-x86_64-mavericks | 2.6 | OK | ||||
r-release-windows-ix86+x86_64 | 2.6 | 17.00 | 195.00 | 212.00 | OK | |
r-oldrel-windows-ix86+x86_64 | 2.6 | 17.00 | 159.00 | 176.00 | OK |
Version: 2.6
Check: R code for possible problems
Result: NOTE
mrlplot: no visible global function definition for ‘gray’
tscaleplot: no visible global function definition for ‘gray’
tshapeplot: no visible global function definition for ‘gray’
Undefined global functions or variables:
gray
Consider adding
importFrom("grDevices", "gray")
to your NAMESPACE.
Flavors: r-devel-linux-x86_64-debian-gcc, r-devel-linux-x86_64-fedora-clang, r-devel-linux-x86_64-fedora-gcc, r-devel-windows-ix86+x86_64
Version: 2.6
Check: installed package size
Result: NOTE
installed size is 5.3Mb
sub-directories of 1Mb or more:
doc 3.6Mb
help 1.0Mb
Flavors: r-patched-solaris-sparc, r-patched-solaris-x86