Last updated on 2015-12-29 00:46:40.
Flavor | Version | Tinstall | Tcheck | Ttotal | Status | Flags |
---|---|---|---|---|---|---|
r-devel-linux-x86_64-debian-gcc | 1.0-6 | 1.04 | 95.25 | 96.29 | OK | |
r-devel-linux-x86_64-fedora-clang | 1.0-6 | 198.82 | OK | |||
r-devel-linux-x86_64-fedora-gcc | 1.0-6 | 194.02 | OK | |||
r-devel-osx-x86_64-clang | 1.0-6 | 178.57 | OK | |||
r-devel-windows-ix86+x86_64 | 1.0-6 | 4.00 | 227.00 | 231.00 | OK | |
r-patched-linux-x86_64 | 1.0-6 | 1.14 | 97.97 | 99.10 | OK | |
r-patched-solaris-sparc | 1.0-6 | 1138.60 | OK | |||
r-patched-solaris-x86 | 1.0-6 | 214.80 | OK | |||
r-release-linux-x86_64 | 1.0-6 | 1.52 | 101.15 | 102.66 | OK | |
r-release-osx-x86_64-mavericks | 1.0-6 | OK | ||||
r-release-windows-ix86+x86_64 | 1.0-6 | 6.00 | 222.00 | 228.00 | OK | |
r-oldrel-windows-ix86+x86_64 | 1.0-5 | 8.00 | 62.00 | 70.00 | ERROR |
Version: 1.0-5
Check: R code for possible problems
Result: NOTE
mmedist: no visible global function definition for 'get0'
Flavor: r-oldrel-windows-ix86+x86_64
Version: 1.0-5
Check: tests
Result: ERROR
Running the tests in 'tests/bootdist.R' failed.
Last 13 lines of output:
+ }
Loading required package: actuar
Attaching package: 'actuar'
The following object is masked from 'package:grDevices':
cm
Error in mmedist(data, distname, start = start, fix.arg = fix.arg, ...) :
could not find function "get0"
Calls: fitdist -> mmedist
Execution halted
Flavor: r-oldrel-windows-ix86+x86_64