Last updated on 2015-12-29 00:46:43.
Flavor | Version | Tinstall | Tcheck | Ttotal | Status | Flags |
---|---|---|---|---|---|---|
r-devel-linux-x86_64-debian-gcc | 1.0-4 | 5.47 | 66.17 | 71.64 | NOTE | |
r-devel-linux-x86_64-fedora-clang | 1.0-4 | 127.00 | NOTE | |||
r-devel-linux-x86_64-fedora-gcc | 1.0-4 | 122.08 | NOTE | |||
r-devel-osx-x86_64-clang | 1.0-4 | 142.08 | OK | |||
r-devel-windows-ix86+x86_64 | 1.0-4 | 12.00 | 94.00 | 106.00 | NOTE | |
r-patched-linux-x86_64 | 1.0-4 | 5.56 | 68.88 | 74.44 | OK | |
r-patched-solaris-sparc | 1.0-4 | 797.70 | OK | |||
r-patched-solaris-x86 | 1.0-4 | 164.70 | OK | |||
r-release-linux-x86_64 | 1.0-4 | 5.60 | 70.88 | 76.47 | OK | |
r-release-osx-x86_64-mavericks | 1.0-4 | OK | ||||
r-release-windows-ix86+x86_64 | 1.0-4 | 21.00 | 81.00 | 102.00 | OK | |
r-oldrel-windows-ix86+x86_64 | 1.0-4 | 23.00 | 89.00 | 112.00 | OK |
Version: 1.0-4
Check: R code for possible problems
Result: NOTE
tl_get_column_name: no visible global function definition for ‘tail’
Undefined global functions or variables:
tail
Consider adding
importFrom("utils", "tail")
to your NAMESPACE.
Flavors: r-devel-linux-x86_64-debian-gcc, r-devel-linux-x86_64-fedora-clang, r-devel-linux-x86_64-fedora-gcc, r-devel-windows-ix86+x86_64