Last updated on 2015-12-29 00:46:41.
Flavor | Version | Tinstall | Tcheck | Ttotal | Status | Flags |
---|---|---|---|---|---|---|
r-devel-linux-x86_64-debian-gcc | 1.0.5 | 73.08 | 34.13 | 107.21 | NOTE | |
r-devel-linux-x86_64-fedora-clang | 1.0.5 | 207.77 | OK | |||
r-devel-linux-x86_64-fedora-gcc | 1.0.5 | 215.34 | NOTE | |||
r-devel-osx-x86_64-clang | 1.0.5 | 138.91 | OK | |||
r-devel-windows-ix86+x86_64 | 1.0.5 | 90.00 | 62.00 | 152.00 | OK | |
r-patched-linux-x86_64 | 1.0.5 | 71.79 | 35.26 | 107.05 | NOTE | |
r-patched-solaris-sparc | 1.0.5 | 1230.20 | OK | |||
r-patched-solaris-x86 | 1.0.5 | 209.60 | OK | |||
r-release-linux-x86_64 | 1.0.5 | 72.49 | 34.77 | 107.26 | NOTE | |
r-release-osx-x86_64-mavericks | 1.0.5 | OK | ||||
r-release-windows-ix86+x86_64 | 1.0.5 | 121.00 | 62.00 | 183.00 | OK | |
r-oldrel-windows-ix86+x86_64 | 1.0.5 | 120.00 | 68.00 | 188.00 | OK |
Version: 1.0.5
Check: installed package size
Result: NOTE
installed size is 5.5Mb
sub-directories of 1Mb or more:
libs 5.4Mb
Flavors: r-devel-linux-x86_64-debian-gcc, r-devel-linux-x86_64-fedora-gcc, r-patched-linux-x86_64, r-release-linux-x86_64