CRAN Package Check Results for Package gender

Last updated on 2015-12-29 00:46:42.

Flavor Version Tinstall Tcheck Ttotal Status Flags
r-devel-linux-x86_64-debian-gcc 0.5.1 1.09 16.58 17.66 NOTE
r-devel-linux-x86_64-fedora-clang 0.5.1 35.70 NOTE
r-devel-linux-x86_64-fedora-gcc 0.5.1 34.12 NOTE
r-devel-osx-x86_64-clang 0.5.1 43.33 NOTE
r-devel-windows-ix86+x86_64 0.5.1 4.00 34.00 38.00 NOTE
r-patched-linux-x86_64 0.5.1 1.27 18.07 19.34 NOTE
r-patched-solaris-sparc 0.5.1 233.10 NOTE
r-patched-solaris-x86 0.5.1 50.50 NOTE
r-release-linux-x86_64 0.5.1 1.22 17.80 19.02 NOTE
r-release-osx-x86_64-mavericks 0.5.1 NOTE
r-release-windows-ix86+x86_64 0.5.1 7.00 49.00 56.00 NOTE
r-oldrel-windows-ix86+x86_64 0.5.1 10.00 44.00 54.00 NOTE

Check Details

Version: 0.5.1
Check: package dependencies
Result: NOTE
    Package suggested but not available for checking: ‘genderdata’
Flavors: r-devel-linux-x86_64-debian-gcc, r-devel-linux-x86_64-fedora-clang, r-devel-linux-x86_64-fedora-gcc, r-devel-osx-x86_64-clang, r-devel-windows-ix86+x86_64, r-patched-linux-x86_64, r-patched-solaris-sparc, r-patched-solaris-x86, r-release-linux-x86_64, r-release-osx-x86_64-mavericks, r-release-windows-ix86+x86_64, r-oldrel-windows-ix86+x86_64